{"id":18339,"date":"2014-05-21T11:16:46","date_gmt":"2014-05-21T11:16:46","guid":{"rendered":"http:\/\/turodelsol.com\/videos\/"},"modified":"2024-05-31T13:02:25","modified_gmt":"2024-05-31T13:02:25","slug":"els-nostres-videos","status":"publish","type":"page","link":"https:\/\/turodelsol.com\/ca\/els-nostres-videos\/","title":{"rendered":"Els nostres V\u00eddeos"},"content":{"rendered":"<p>[vc_row css_animation=&#8221;&#8221; row_type=&#8221;row&#8221; use_row_as_full_screen_section=&#8221;no&#8221; type=&#8221;full_width&#8221; angled_section=&#8221;no&#8221; text_align=&#8221;left&#8221; background_image_as_pattern=&#8221;without_pattern&#8221; anchor=&#8221;portfolio&#8221; background_color=&#8221;#f8f8f8&#8243; padding_top=&#8221;90&#8243; padding_bottom=&#8221;90&#8243; z_index=&#8221;&#8221; css=&#8221;.vc_custom_1546884012262{margin-right: 10px !important;margin-left: 10px !important;}&#8221;][vc_column css=&#8221;.vc_custom_1548431894677{padding-right: 60px !important;padding-left: 60px !important;}&#8221;][vc_video link=&#8221;https:\/\/www.youtube.com\/watch?v=jSm-doeWn-E&#8221;][vc_video link=&#8221;https:\/\/www.youtube.com\/watch?v=wqtBBH0ivlk&#8221;][\/vc_column][\/vc_row][vc_row css_animation=&#8221;&#8221; row_type=&#8221;row&#8221; use_row_as_full_screen_section=&#8221;no&#8221; type=&#8221;full_width&#8221; angled_section=&#8221;no&#8221; text_align=&#8221;left&#8221; background_image_as_pattern=&#8221;without_pattern&#8221;][vc_column][vc_separator type=&#8221;transparent&#8221; up=&#8221;20&#8243;][\/vc_column][\/vc_row]<\/p>\n","protected":false},"excerpt":{"rendered":"<p>[vc_row css_animation=&#8221;&#8221; row_type=&#8221;row&#8221; use_row_as_full_screen_section=&#8221;no&#8221; type=&#8221;full_width&#8221; angled_section=&#8221;no&#8221; text_align=&#8221;left&#8221; background_image_as_pattern=&#8221;without_pattern&#8221; anchor=&#8221;portfolio&#8221; background_color=&#8221;#f8f8f8&#8243; padding_top=&#8221;90&#8243; padding_bottom=&#8221;90&#8243; z_index=&#8221;&#8221; css=&#8221;.vc_custom_1546884012262{margin-right: 10px !important;margin-left: 10px !important;}&#8221;][vc_column css=&#8221;.vc_custom_1548431894677{padding-right: 60px !important;padding-left: 60px !important;}&#8221;][vc_video link=&#8221;https:\/\/www.youtube.com\/watch?v=jSm-doeWn-E&#8221;][vc_video link=&#8221;https:\/\/www.youtube.com\/watch?v=wqtBBH0ivlk&#8221;][\/vc_column][\/vc_row][vc_row css_animation=&#8221;&#8221; row_type=&#8221;row&#8221; use_row_as_full_screen_section=&#8221;no&#8221; type=&#8221;full_width&#8221; angled_section=&#8221;no&#8221; text_align=&#8221;left&#8221; background_image_as_pattern=&#8221;without_pattern&#8221;][vc_column][vc_separator type=&#8221;transparent&#8221; up=&#8221;20&#8243;][\/vc_column][\/vc_row]<\/p>\n","protected":false},"author":1,"featured_media":0,"parent":0,"menu_order":0,"comment_status":"open","ping_status":"closed","template":"full_width.php","meta":{"_monsterinsights_skip_tracking":false,"_monsterinsights_sitenote_active":false,"_monsterinsights_sitenote_note":"","_monsterinsights_sitenote_category":0},"yoast_head":"<!-- This site is optimized with the Yoast SEO plugin v19.10 - https:\/\/yoast.com\/wordpress\/plugins\/seo\/ -->\n<title>V\u00eddeos de Restaurant Tur\u00f3 del Sol | Noces a Barcelona<\/title>\n<meta name=\"description\" content=\"Galeria de v\u00eddeos del restaurant Tur\u00f3 del Sol Celebraci\u00f3 de banquets i noces a l&#039;aire lliure a Barcelona Amplis jardins amb vista a la mar\" \/>\n<meta name=\"robots\" content=\"index, follow, max-snippet:-1, max-image-preview:large, max-video-preview:-1\" \/>\n<link rel=\"canonical\" href=\"https:\/\/turodelsol.com\/ca\/els-nostres-videos\/\" \/>\n<meta property=\"og:locale\" content=\"ca_ES\" \/>\n<meta property=\"og:type\" content=\"article\" \/>\n<meta property=\"og:title\" content=\"V\u00eddeos de Restaurant Tur\u00f3 del Sol | Noces a Barcelona\" \/>\n<meta property=\"og:description\" content=\"Galeria de v\u00eddeos del restaurant Tur\u00f3 del Sol Celebraci\u00f3 de banquets i noces a l&#039;aire lliure a Barcelona Amplis jardins amb vista a la mar\" \/>\n<meta property=\"og:url\" content=\"https:\/\/turodelsol.com\/ca\/els-nostres-videos\/\" \/>\n<meta property=\"og:site_name\" content=\"Tur\u00f3 del Sol\" \/>\n<meta property=\"article:publisher\" content=\"https:\/\/es-es.facebook.com\/turodelsol\" \/>\n<meta property=\"article:modified_time\" content=\"2024-05-31T13:02:25+00:00\" \/>\n<meta name=\"twitter:card\" content=\"summary_large_image\" \/>\n<meta name=\"twitter:label1\" content=\"Temps estimat de lectura\" \/>\n\t<meta name=\"twitter:data1\" content=\"1 minut\" \/>\n<script type=\"application\/ld+json\" class=\"yoast-schema-graph\">{\"@context\":\"https:\/\/schema.org\",\"@graph\":[{\"@type\":\"WebPage\",\"@id\":\"https:\/\/turodelsol.com\/ca\/els-nostres-videos\/\",\"url\":\"https:\/\/turodelsol.com\/ca\/els-nostres-videos\/\",\"name\":\"V\u00eddeos de Restaurant Tur\u00f3 del Sol | Noces a Barcelona\",\"isPartOf\":{\"@id\":\"https:\/\/turodelsol.com\/#website\"},\"datePublished\":\"2014-05-21T11:16:46+00:00\",\"dateModified\":\"2024-05-31T13:02:25+00:00\",\"description\":\"Galeria de v\u00eddeos del restaurant Tur\u00f3 del Sol Celebraci\u00f3 de banquets i noces a l'aire lliure a Barcelona Amplis jardins amb vista a la mar\",\"breadcrumb\":{\"@id\":\"https:\/\/turodelsol.com\/ca\/els-nostres-videos\/#breadcrumb\"},\"inLanguage\":\"ca\",\"potentialAction\":[{\"@type\":\"ReadAction\",\"target\":[\"https:\/\/turodelsol.com\/ca\/els-nostres-videos\/\"]}]},{\"@type\":\"BreadcrumbList\",\"@id\":\"https:\/\/turodelsol.com\/ca\/els-nostres-videos\/#breadcrumb\",\"itemListElement\":[{\"@type\":\"ListItem\",\"position\":1,\"name\":\"Portada\",\"item\":\"https:\/\/turodelsol.com\/ca\/\"},{\"@type\":\"ListItem\",\"position\":2,\"name\":\"Els nostres V\u00eddeos\"}]},{\"@type\":\"WebSite\",\"@id\":\"https:\/\/turodelsol.com\/#website\",\"url\":\"https:\/\/turodelsol.com\/\",\"name\":\"Tur\u00f3 del Sol\",\"description\":\"Restaurante para bodas Barcelona\",\"publisher\":{\"@id\":\"https:\/\/turodelsol.com\/#organization\"},\"potentialAction\":[{\"@type\":\"SearchAction\",\"target\":{\"@type\":\"EntryPoint\",\"urlTemplate\":\"https:\/\/turodelsol.com\/?s={search_term_string}\"},\"query-input\":\"required name=search_term_string\"}],\"inLanguage\":\"ca\"},{\"@type\":\"Organization\",\"@id\":\"https:\/\/turodelsol.com\/#organization\",\"name\":\"Restaurante Tur\u00f3 del Sol\",\"url\":\"https:\/\/turodelsol.com\/\",\"logo\":{\"@type\":\"ImageObject\",\"inLanguage\":\"ca\",\"@id\":\"https:\/\/turodelsol.com\/#\/schema\/logo\/image\/\",\"url\":\"https:\/\/turodelsol.com\/wp-content\/uploads\/2018\/12\/logo-turo-del-sol-web-2019-1.png\",\"contentUrl\":\"https:\/\/turodelsol.com\/wp-content\/uploads\/2018\/12\/logo-turo-del-sol-web-2019-1.png\",\"width\":214,\"height\":100,\"caption\":\"Restaurante Tur\u00f3 del Sol\"},\"image\":{\"@id\":\"https:\/\/turodelsol.com\/#\/schema\/logo\/image\/\"},\"sameAs\":[\"https:\/\/www.instagram.com\/turodelsol\/\",\"https:\/\/es-es.facebook.com\/turodelsol\"]}]}<\/script>\n<!-- \/ Yoast SEO plugin. -->","yoast_head_json":{"title":"V\u00eddeos de Restaurant Tur\u00f3 del Sol | Noces a Barcelona","description":"Galeria de v\u00eddeos del restaurant Tur\u00f3 del Sol Celebraci\u00f3 de banquets i noces a l'aire lliure a Barcelona Amplis jardins amb vista a la mar","robots":{"index":"index","follow":"follow","max-snippet":"max-snippet:-1","max-image-preview":"max-image-preview:large","max-video-preview":"max-video-preview:-1"},"canonical":"https:\/\/turodelsol.com\/ca\/els-nostres-videos\/","og_locale":"ca_ES","og_type":"article","og_title":"V\u00eddeos de Restaurant Tur\u00f3 del Sol | Noces a Barcelona","og_description":"Galeria de v\u00eddeos del restaurant Tur\u00f3 del Sol Celebraci\u00f3 de banquets i noces a l'aire lliure a Barcelona Amplis jardins amb vista a la mar","og_url":"https:\/\/turodelsol.com\/ca\/els-nostres-videos\/","og_site_name":"Tur\u00f3 del Sol","article_publisher":"https:\/\/es-es.facebook.com\/turodelsol","article_modified_time":"2024-05-31T13:02:25+00:00","twitter_card":"summary_large_image","twitter_misc":{"Temps estimat de lectura":"1 minut"},"schema":{"@context":"https:\/\/schema.org","@graph":[{"@type":"WebPage","@id":"https:\/\/turodelsol.com\/ca\/els-nostres-videos\/","url":"https:\/\/turodelsol.com\/ca\/els-nostres-videos\/","name":"V\u00eddeos de Restaurant Tur\u00f3 del Sol | Noces a Barcelona","isPartOf":{"@id":"https:\/\/turodelsol.com\/#website"},"datePublished":"2014-05-21T11:16:46+00:00","dateModified":"2024-05-31T13:02:25+00:00","description":"Galeria de v\u00eddeos del restaurant Tur\u00f3 del Sol Celebraci\u00f3 de banquets i noces a l'aire lliure a Barcelona Amplis jardins amb vista a la mar","breadcrumb":{"@id":"https:\/\/turodelsol.com\/ca\/els-nostres-videos\/#breadcrumb"},"inLanguage":"ca","potentialAction":[{"@type":"ReadAction","target":["https:\/\/turodelsol.com\/ca\/els-nostres-videos\/"]}]},{"@type":"BreadcrumbList","@id":"https:\/\/turodelsol.com\/ca\/els-nostres-videos\/#breadcrumb","itemListElement":[{"@type":"ListItem","position":1,"name":"Portada","item":"https:\/\/turodelsol.com\/ca\/"},{"@type":"ListItem","position":2,"name":"Els nostres V\u00eddeos"}]},{"@type":"WebSite","@id":"https:\/\/turodelsol.com\/#website","url":"https:\/\/turodelsol.com\/","name":"Tur\u00f3 del Sol","description":"Restaurante para bodas Barcelona","publisher":{"@id":"https:\/\/turodelsol.com\/#organization"},"potentialAction":[{"@type":"SearchAction","target":{"@type":"EntryPoint","urlTemplate":"https:\/\/turodelsol.com\/?s={search_term_string}"},"query-input":"required name=search_term_string"}],"inLanguage":"ca"},{"@type":"Organization","@id":"https:\/\/turodelsol.com\/#organization","name":"Restaurante Tur\u00f3 del Sol","url":"https:\/\/turodelsol.com\/","logo":{"@type":"ImageObject","inLanguage":"ca","@id":"https:\/\/turodelsol.com\/#\/schema\/logo\/image\/","url":"https:\/\/turodelsol.com\/wp-content\/uploads\/2018\/12\/logo-turo-del-sol-web-2019-1.png","contentUrl":"https:\/\/turodelsol.com\/wp-content\/uploads\/2018\/12\/logo-turo-del-sol-web-2019-1.png","width":214,"height":100,"caption":"Restaurante Tur\u00f3 del Sol"},"image":{"@id":"https:\/\/turodelsol.com\/#\/schema\/logo\/image\/"},"sameAs":["https:\/\/www.instagram.com\/turodelsol\/","https:\/\/es-es.facebook.com\/turodelsol"]}]}},"_links":{"self":[{"href":"https:\/\/turodelsol.com\/ca\/wp-json\/wp\/v2\/pages\/18339"}],"collection":[{"href":"https:\/\/turodelsol.com\/ca\/wp-json\/wp\/v2\/pages"}],"about":[{"href":"https:\/\/turodelsol.com\/ca\/wp-json\/wp\/v2\/types\/page"}],"author":[{"embeddable":true,"href":"https:\/\/turodelsol.com\/ca\/wp-json\/wp\/v2\/users\/1"}],"replies":[{"embeddable":true,"href":"https:\/\/turodelsol.com\/ca\/wp-json\/wp\/v2\/comments?post=18339"}],"version-history":[{"count":4,"href":"https:\/\/turodelsol.com\/ca\/wp-json\/wp\/v2\/pages\/18339\/revisions"}],"predecessor-version":[{"id":18888,"href":"https:\/\/turodelsol.com\/ca\/wp-json\/wp\/v2\/pages\/18339\/revisions\/18888"}],"wp:attachment":[{"href":"https:\/\/turodelsol.com\/ca\/wp-json\/wp\/v2\/media?parent=18339"}],"curies":[{"name":"wp","href":"https:\/\/api.w.org\/{rel}","templated":true}]}}

Els nostres Vídeos

<!-- This site is optimized with the Yoast SEO plugin v19.10 - https://yoast.com/wordpress/plugins/seo/ -->
<title>Vídeos de Restaurant Turó del Sol | Noces a Barcelona</title>
<meta name="description" content="Galeria de vídeos del restaurant Turó del Sol Celebració de banquets i noces a l&#039;aire lliure a Barcelona Amplis jardins amb vista a la mar" />
<meta name="robots" content="index, follow, max-snippet:-1, max-image-preview:large, max-video-preview:-1" />
<link rel="canonical" href="https://turodelsol.com/ca/els-nostres-videos/" />
<meta property="og:locale" content="ca_ES" />
<meta property="og:type" content="article" />
<meta property="og:title" content="Vídeos de Restaurant Turó del Sol | Noces a Barcelona" />
<meta property="og:description" content="Galeria de vídeos del restaurant Turó del Sol Celebració de banquets i noces a l&#039;aire lliure a Barcelona Amplis jardins amb vista a la mar" />
<meta property="og:url" content="https://turodelsol.com/ca/els-nostres-videos/" />
<meta property="og:site_name" content="Turó del Sol" />
<meta property="article:publisher" content="https://es-es.facebook.com/turodelsol" />
<meta property="article:modified_time" content="2024-05-31T13:02:25+00:00" />
<meta name="twitter:card" content="summary_large_image" />
<meta name="twitter:label1" content="Temps estimat de lectura" />
	<meta name="twitter:data1" content="1 minut" />
<script type="application/ld+json" class="yoast-schema-graph">{"@context":"https://schema.org","@graph":[{"@type":"WebPage","@id":"https://turodelsol.com/ca/els-nostres-videos/","url":"https://turodelsol.com/ca/els-nostres-videos/","name":"Vídeos de Restaurant Turó del Sol | Noces a Barcelona","isPartOf":{"@id":"https://turodelsol.com/#website"},"datePublished":"2014-05-21T11:16:46+00:00","dateModified":"2024-05-31T13:02:25+00:00","description":"Galeria de vídeos del restaurant Turó del Sol Celebració de banquets i noces a l'aire lliure a Barcelona Amplis jardins amb vista a la mar","breadcrumb":{"@id":"https://turodelsol.com/ca/els-nostres-videos/#breadcrumb"},"inLanguage":"ca","potentialAction":[{"@type":"ReadAction","target":["https://turodelsol.com/ca/els-nostres-videos/"]}]},{"@type":"BreadcrumbList","@id":"https://turodelsol.com/ca/els-nostres-videos/#breadcrumb","itemListElement":[{"@type":"ListItem","position":1,"name":"Portada","item":"https://turodelsol.com/ca/"},{"@type":"ListItem","position":2,"name":"Els nostres Vídeos"}]},{"@type":"WebSite","@id":"https://turodelsol.com/#website","url":"https://turodelsol.com/","name":"Turó del Sol","description":"Restaurante para bodas Barcelona","publisher":{"@id":"https://turodelsol.com/#organization"},"potentialAction":[{"@type":"SearchAction","target":{"@type":"EntryPoint","urlTemplate":"https://turodelsol.com/?s={search_term_string}"},"query-input":"required name=search_term_string"}],"inLanguage":"ca"},{"@type":"Organization","@id":"https://turodelsol.com/#organization","name":"Restaurante Turó del Sol","url":"https://turodelsol.com/","logo":{"@type":"ImageObject","inLanguage":"ca","@id":"https://turodelsol.com/#/schema/logo/image/","url":"https://turodelsol.com/wp-content/uploads/2018/12/logo-turo-del-sol-web-2019-1.png","contentUrl":"https://turodelsol.com/wp-content/uploads/2018/12/logo-turo-del-sol-web-2019-1.png","width":214,"height":100,"caption":"Restaurante Turó del Sol"},"image":{"@id":"https://turodelsol.com/#/schema/logo/image/"},"sameAs":["https://www.instagram.com/turodelsol/","https://es-es.facebook.com/turodelsol"]}]}</script>
<!-- / Yoast SEO plugin. -->

Vídeos de Restaurant Turó del Sol | Noces a Barcelona

Galeria de vídeos del restaurant Turó del Sol Celebració de banquets i noces a l'aire lliure a Barcelona Amplis jardins amb vista a la mar

Turó del Sol

Restaurante Turó del Sol
