{"id":18329,"date":"2014-03-28T17:48:10","date_gmt":"2014-03-28T17:48:10","guid":{"rendered":"http:\/\/turodelsol.com\/gastronomia\/"},"modified":"2021-05-22T07:59:55","modified_gmt":"2021-05-22T07:59:55","slug":"la-nostra-gastronomia","status":"publish","type":"page","link":"https:\/\/turodelsol.com\/ca\/la-nostra-gastronomia\/","title":{"rendered":"La nostra Gastronomia"},"content":{"rendered":"<p>[vc_row css_animation=&#8221;&#8221; row_type=&#8221;row&#8221; use_row_as_full_screen_section=&#8221;no&#8221; type=&#8221;grid&#8221; angled_section=&#8221;no&#8221; text_align=&#8221;left&#8221; background_image_as_pattern=&#8221;without_pattern&#8221; background_color=&#8221;#ffffff&#8221; padding_bottom=&#8221;50&#8243; z_index=&#8221;&#8221;][vc_column][vc_separator type=&#8221;transparent&#8221; up=&#8221;45&#8243; down=&#8221;0&#8243;][vc_column_text]<\/p>\n<h5 style=\"text-align: center;\">Salons i restauraci\u00f3 pr\u00f2pia<\/h5>\n<p>[\/vc_column_text][vc_separator type=&#8221;transparent&#8221; up=&#8221;23&#8243; down=&#8221;0&#8243;][vc_column_text]<\/p>\n<h4 style=\"text-align: center;\">En Tur\u00f3 del sol trobar\u00e0s unes sales amb vistes a uns jardins de somni. Una celebraci\u00f3 en exclusiva sense horaris d&#8217;entrada o sortida. Capacitat de sales fins a 300 comensals. Oferim una cuina Mediterr\u00e0nia i de mercat, on el nostre xef selecciona amb cura els millors ingredients segons la temporada i elabora nostra carta sempre actualitzant aperitius, plats i postres, millorant textures i pensant sempre en vosaltres.<\/h4>\n<p>[\/vc_column_text][\/vc_column][\/vc_row][vc_row row_type=&#8221;parallax&#8221; parallax_content_width=&#8221;in_grid&#8221; text_align=&#8221;left&#8221; background_image=&#8221;17554&#8243; full_screen_section_height=&#8221;no&#8221; section_height=&#8221;480&#8243;][vc_column][vc_separator type=&#8221;transparent&#8221; up=&#8221;150&#8243; down=&#8221;0&#8243;][vc_row_inner row_type=&#8221;row&#8221; type=&#8221;grid&#8221; text_align=&#8221;left&#8221; css_animation=&#8221;&#8221;][vc_column_inner]<div class=\"custom_font_holder\" style=\"font-family: Open Sans; font-size: 36px; line-height: 49px; font-style: normal; font-weight: 700; color: #ffffff; text-decoration: none; letter-spacing: 10px; text-align: center;\">\n<h2 style=\"text-align: center;\"><span style=\"color: #ffffff;\">DEGUSTACI\u00d3 DE MEN\u00daS<\/span><\/h2>\n<\/div>[vc_separator type=&#8221;transparent&#8221; up=&#8221;23&#8243; down=&#8221;0&#8243;][vc_column_text]<\/p>\n<h4 style=\"text-align: center;\"><span style=\"color: #ffffff;\">Al Tur\u00f3 del Sol us convidem a degustar diferents propostes perqu\u00e8 la vostra celebraci\u00f3 sigui \u00fanica i inoblidable, sempre assessorats per un professional.<br \/>\n<\/span><\/h4>\n<p>[\/vc_column_text][vc_separator type=&#8221;transparent&#8221; up=&#8221;259&#8243; down=&#8221;0&#8243;][\/vc_column_inner][\/vc_row_inner][\/vc_column][\/vc_row][vc_row row_type=&#8221;parallax&#8221; parallax_content_width=&#8221;in_grid&#8221; text_align=&#8221;left&#8221; full_screen_section_height=&#8221;no&#8221;][vc_column][vc_separator type=&#8221;transparent&#8221; up=&#8221;7&#8243; down=&#8221;38&#8243;][vc_column_text]<\/p>\n<h2 style=\"text-align: center;\">Cuina Mediterr\u00e0nia<\/h2>\n<p>[\/vc_column_text][vc_separator type=&#8221;small&#8221; position=&#8221;center&#8221; up=&#8221;7&#8243; down=&#8221;38&#8243;][vc_column_text]<\/p>\n<h4 style=\"text-align: center;\">En Turo del Sol disposem d&#8217;un equip de cuina que pot elaborar tot tipus de plats per a persones amb al\u2022l\u00e8rgies o intoler\u00e0ncies, tamb\u00e9 confeccionem men\u00fas per vegans o vegetarians fent men\u00fas personalitzats tenint en compte cadascuna de les particularitats.<\/h4>\n<p>[\/vc_column_text][vc_separator type=&#8221;transparent&#8221; up=&#8221;7&#8243; down=&#8221;38&#8243;][\/vc_column][\/vc_row][vc_row css_animation=&#8221;&#8221; row_type=&#8221;row&#8221; use_row_as_full_screen_section=&#8221;no&#8221; type=&#8221;full_width&#8221; angled_section=&#8221;no&#8221; text_align=&#8221;left&#8221; background_image_as_pattern=&#8221;without_pattern&#8221;][vc_column][vc_separator type=&#8221;transparent&#8221; up=&#8221;60&#8243;][\/vc_column][\/vc_row]<\/p>\n","protected":false},"excerpt":{"rendered":"<p>[vc_row css_animation=&#8221;&#8221; row_type=&#8221;row&#8221; use_row_as_full_screen_section=&#8221;no&#8221; type=&#8221;grid&#8221; angled_section=&#8221;no&#8221; text_align=&#8221;left&#8221; background_image_as_pattern=&#8221;without_pattern&#8221; background_color=&#8221;#ffffff&#8221; padding_bottom=&#8221;50&#8243; z_index=&#8221;&#8221;][vc_column][vc_separator type=&#8221;transparent&#8221; up=&#8221;45&#8243; down=&#8221;0&#8243;][vc_column_text] Salons i restauraci\u00f3 pr\u00f2pia [\/vc_column_text][vc_separator type=&#8221;transparent&#8221; up=&#8221;23&#8243; down=&#8221;0&#8243;][vc_column_text] En Tur\u00f3 del sol trobar\u00e0s unes sales amb vistes a uns jardins de somni. Una celebraci\u00f3 en exclusiva sense horaris d&#8217;entrada o sortida&#8230;.<\/p>\n","protected":false},"author":1,"featured_media":0,"parent":0,"menu_order":0,"comment_status":"open","ping_status":"closed","template":"full_width.php","meta":{"_monsterinsights_skip_tracking":false,"_monsterinsights_sitenote_active":false,"_monsterinsights_sitenote_note":"","_monsterinsights_sitenote_category":0},"yoast_head":"<!-- This site is optimized with the Yoast SEO plugin v19.10 - https:\/\/yoast.com\/wordpress\/plugins\/seo\/ -->\n<title>Gastronomia | Restaurant per a noces Tur\u00f3 del Sol | Noces Barcelona<\/title>\n<meta name=\"description\" content=\"Gastronomia Tur\u00f3 del Sol, cuina mediterr\u00e0nia i de mercat Comptem amb cuina pr\u00f2pia, visita&#039;ns a Sant Vicen\u00e7 de Montalt Barcelona\" \/>\n<meta name=\"robots\" content=\"index, follow, max-snippet:-1, max-image-preview:large, max-video-preview:-1\" \/>\n<link rel=\"canonical\" href=\"https:\/\/turodelsol.com\/ca\/la-nostra-gastronomia\/\" \/>\n<meta property=\"og:locale\" content=\"ca_ES\" \/>\n<meta property=\"og:type\" content=\"article\" \/>\n<meta property=\"og:title\" content=\"Gastronomia | Restaurant per a noces Tur\u00f3 del Sol | Noces Barcelona\" \/>\n<meta property=\"og:description\" content=\"Gastronomia Tur\u00f3 del Sol, cuina mediterr\u00e0nia i de mercat Comptem amb cuina pr\u00f2pia, visita&#039;ns a Sant Vicen\u00e7 de Montalt Barcelona\" \/>\n<meta property=\"og:url\" content=\"https:\/\/turodelsol.com\/ca\/la-nostra-gastronomia\/\" \/>\n<meta property=\"og:site_name\" content=\"Tur\u00f3 del Sol\" \/>\n<meta property=\"article:publisher\" content=\"https:\/\/es-es.facebook.com\/turodelsol\" \/>\n<meta property=\"article:modified_time\" content=\"2021-05-22T07:59:55+00:00\" \/>\n<meta name=\"twitter:card\" content=\"summary_large_image\" \/>\n<meta name=\"twitter:label1\" content=\"Temps estimat de lectura\" \/>\n\t<meta name=\"twitter:data1\" content=\"2 minuts\" \/>\n<script type=\"application\/ld+json\" class=\"yoast-schema-graph\">{\"@context\":\"https:\/\/schema.org\",\"@graph\":[{\"@type\":\"WebPage\",\"@id\":\"https:\/\/turodelsol.com\/ca\/la-nostra-gastronomia\/\",\"url\":\"https:\/\/turodelsol.com\/ca\/la-nostra-gastronomia\/\",\"name\":\"Gastronomia | Restaurant per a noces Tur\u00f3 del Sol | Noces Barcelona\",\"isPartOf\":{\"@id\":\"https:\/\/turodelsol.com\/#website\"},\"datePublished\":\"2014-03-28T17:48:10+00:00\",\"dateModified\":\"2021-05-22T07:59:55+00:00\",\"description\":\"Gastronomia Tur\u00f3 del Sol, cuina mediterr\u00e0nia i de mercat Comptem amb cuina pr\u00f2pia, visita'ns a Sant Vicen\u00e7 de Montalt Barcelona\",\"breadcrumb\":{\"@id\":\"https:\/\/turodelsol.com\/ca\/la-nostra-gastronomia\/#breadcrumb\"},\"inLanguage\":\"ca\",\"potentialAction\":[{\"@type\":\"ReadAction\",\"target\":[\"https:\/\/turodelsol.com\/ca\/la-nostra-gastronomia\/\"]}]},{\"@type\":\"BreadcrumbList\",\"@id\":\"https:\/\/turodelsol.com\/ca\/la-nostra-gastronomia\/#breadcrumb\",\"itemListElement\":[{\"@type\":\"ListItem\",\"position\":1,\"name\":\"Portada\",\"item\":\"https:\/\/turodelsol.com\/ca\/\"},{\"@type\":\"ListItem\",\"position\":2,\"name\":\"La nostra Gastronomia\"}]},{\"@type\":\"WebSite\",\"@id\":\"https:\/\/turodelsol.com\/#website\",\"url\":\"https:\/\/turodelsol.com\/\",\"name\":\"Tur\u00f3 del Sol\",\"description\":\"Restaurante para bodas Barcelona\",\"publisher\":{\"@id\":\"https:\/\/turodelsol.com\/#organization\"},\"potentialAction\":[{\"@type\":\"SearchAction\",\"target\":{\"@type\":\"EntryPoint\",\"urlTemplate\":\"https:\/\/turodelsol.com\/?s={search_term_string}\"},\"query-input\":\"required name=search_term_string\"}],\"inLanguage\":\"ca\"},{\"@type\":\"Organization\",\"@id\":\"https:\/\/turodelsol.com\/#organization\",\"name\":\"Restaurante Tur\u00f3 del Sol\",\"url\":\"https:\/\/turodelsol.com\/\",\"logo\":{\"@type\":\"ImageObject\",\"inLanguage\":\"ca\",\"@id\":\"https:\/\/turodelsol.com\/#\/schema\/logo\/image\/\",\"url\":\"https:\/\/turodelsol.com\/wp-content\/uploads\/2018\/12\/logo-turo-del-sol-web-2019-1.png\",\"contentUrl\":\"https:\/\/turodelsol.com\/wp-content\/uploads\/2018\/12\/logo-turo-del-sol-web-2019-1.png\",\"width\":214,\"height\":100,\"caption\":\"Restaurante Tur\u00f3 del Sol\"},\"image\":{\"@id\":\"https:\/\/turodelsol.com\/#\/schema\/logo\/image\/\"},\"sameAs\":[\"https:\/\/www.instagram.com\/turodelsol\/\",\"https:\/\/es-es.facebook.com\/turodelsol\"]}]}<\/script>\n<!-- \/ Yoast SEO plugin. -->","yoast_head_json":{"title":"Gastronomia | Restaurant per a noces Tur\u00f3 del Sol | Noces Barcelona","description":"Gastronomia Tur\u00f3 del Sol, cuina mediterr\u00e0nia i de mercat Comptem amb cuina pr\u00f2pia, visita'ns a Sant Vicen\u00e7 de Montalt Barcelona","robots":{"index":"index","follow":"follow","max-snippet":"max-snippet:-1","max-image-preview":"max-image-preview:large","max-video-preview":"max-video-preview:-1"},"canonical":"https:\/\/turodelsol.com\/ca\/la-nostra-gastronomia\/","og_locale":"ca_ES","og_type":"article","og_title":"Gastronomia | Restaurant per a noces Tur\u00f3 del Sol | Noces Barcelona","og_description":"Gastronomia Tur\u00f3 del Sol, cuina mediterr\u00e0nia i de mercat Comptem amb cuina pr\u00f2pia, visita'ns a Sant Vicen\u00e7 de Montalt Barcelona","og_url":"https:\/\/turodelsol.com\/ca\/la-nostra-gastronomia\/","og_site_name":"Tur\u00f3 del Sol","article_publisher":"https:\/\/es-es.facebook.com\/turodelsol","article_modified_time":"2021-05-22T07:59:55+00:00","twitter_card":"summary_large_image","twitter_misc":{"Temps estimat de lectura":"2 minuts"},"schema":{"@context":"https:\/\/schema.org","@graph":[{"@type":"WebPage","@id":"https:\/\/turodelsol.com\/ca\/la-nostra-gastronomia\/","url":"https:\/\/turodelsol.com\/ca\/la-nostra-gastronomia\/","name":"Gastronomia | Restaurant per a noces Tur\u00f3 del Sol | Noces Barcelona","isPartOf":{"@id":"https:\/\/turodelsol.com\/#website"},"datePublished":"2014-03-28T17:48:10+00:00","dateModified":"2021-05-22T07:59:55+00:00","description":"Gastronomia Tur\u00f3 del Sol, cuina mediterr\u00e0nia i de mercat Comptem amb cuina pr\u00f2pia, visita'ns a Sant Vicen\u00e7 de Montalt Barcelona","breadcrumb":{"@id":"https:\/\/turodelsol.com\/ca\/la-nostra-gastronomia\/#breadcrumb"},"inLanguage":"ca","potentialAction":[{"@type":"ReadAction","target":["https:\/\/turodelsol.com\/ca\/la-nostra-gastronomia\/"]}]},{"@type":"BreadcrumbList","@id":"https:\/\/turodelsol.com\/ca\/la-nostra-gastronomia\/#breadcrumb","itemListElement":[{"@type":"ListItem","position":1,"name":"Portada","item":"https:\/\/turodelsol.com\/ca\/"},{"@type":"ListItem","position":2,"name":"La nostra Gastronomia"}]},{"@type":"WebSite","@id":"https:\/\/turodelsol.com\/#website","url":"https:\/\/turodelsol.com\/","name":"Tur\u00f3 del Sol","description":"Restaurante para bodas Barcelona","publisher":{"@id":"https:\/\/turodelsol.com\/#organization"},"potentialAction":[{"@type":"SearchAction","target":{"@type":"EntryPoint","urlTemplate":"https:\/\/turodelsol.com\/?s={search_term_string}"},"query-input":"required name=search_term_string"}],"inLanguage":"ca"},{"@type":"Organization","@id":"https:\/\/turodelsol.com\/#organization","name":"Restaurante Tur\u00f3 del Sol","url":"https:\/\/turodelsol.com\/","logo":{"@type":"ImageObject","inLanguage":"ca","@id":"https:\/\/turodelsol.com\/#\/schema\/logo\/image\/","url":"https:\/\/turodelsol.com\/wp-content\/uploads\/2018\/12\/logo-turo-del-sol-web-2019-1.png","contentUrl":"https:\/\/turodelsol.com\/wp-content\/uploads\/2018\/12\/logo-turo-del-sol-web-2019-1.png","width":214,"height":100,"caption":"Restaurante Tur\u00f3 del Sol"},"image":{"@id":"https:\/\/turodelsol.com\/#\/schema\/logo\/image\/"},"sameAs":["https:\/\/www.instagram.com\/turodelsol\/","https:\/\/es-es.facebook.com\/turodelsol"]}]}},"_links":{"self":[{"href":"https:\/\/turodelsol.com\/ca\/wp-json\/wp\/v2\/pages\/18329"}],"collection":[{"href":"https:\/\/turodelsol.com\/ca\/wp-json\/wp\/v2\/pages"}],"about":[{"href":"https:\/\/turodelsol.com\/ca\/wp-json\/wp\/v2\/types\/page"}],"author":[{"embeddable":true,"href":"https:\/\/turodelsol.com\/ca\/wp-json\/wp\/v2\/users\/1"}],"replies":[{"embeddable":true,"href":"https:\/\/turodelsol.com\/ca\/wp-json\/wp\/v2\/comments?post=18329"}],"version-history":[{"count":3,"href":"https:\/\/turodelsol.com\/ca\/wp-json\/wp\/v2\/pages\/18329\/revisions"}],"predecessor-version":[{"id":18626,"href":"https:\/\/turodelsol.com\/ca\/wp-json\/wp\/v2\/pages\/18329\/revisions\/18626"}],"wp:attachment":[{"href":"https:\/\/turodelsol.com\/ca\/wp-json\/wp\/v2\/media?parent=18329"}],"curies":[{"name":"wp","href":"https:\/\/api.w.org\/{rel}","templated":true}]}}

<p>[vc_row css_animation=&#8221;&#8221; row_type=&#8221;row&#8221; use_row_as_full_screen_section=&#8221;no&#8221; type=&#8221;grid&#8221; angled_section=&#8221;no&#8221; text_align=&#8221;left&#8221; background_image_as_pattern=&#8221;without_pattern&#8221; background_color=&#8221;#ffffff&#8221; padding_bottom=&#8221;50&#8243; z_index=&#8221;&#8221;][vc_column][vc_separator type=&#8221;transparent&#8221; up=&#8221;45&#8243; down=&#8221;0&#8243;][vc_column_text]</p>
<h5 style="text-align: center;">Salons i restauració pròpia</h5>
<p>[/vc_column_text][vc_separator type=&#8221;transparent&#8221; up=&#8221;23&#8243; down=&#8221;0&#8243;][vc_column_text]</p>
<h4 style="text-align: center;">En Turó del sol trobaràs unes sales amb vistes a uns jardins de somni. Una celebració en exclusiva sense horaris d&#8217;entrada o sortida. Capacitat de sales fins a 300 comensals. Oferim una cuina Mediterrània i de mercat, on el nostre xef selecciona amb cura els millors ingredients segons la temporada i elabora nostra carta sempre actualitzant aperitius, plats i postres, millorant textures i pensant sempre en vosaltres.</h4>
<p>[/vc_column_text][/vc_column][/vc_row][vc_row row_type=&#8221;parallax&#8221; parallax_content_width=&#8221;in_grid&#8221; text_align=&#8221;left&#8221; background_image=&#8221;17554&#8243; full_screen_section_height=&#8221;no&#8221; section_height=&#8221;480&#8243;][vc_column][vc_separator type=&#8221;transparent&#8221; up=&#8221;150&#8243; down=&#8221;0&#8243;][vc_row_inner row_type=&#8221;row&#8221; type=&#8221;grid&#8221; text_align=&#8221;left&#8221; css_animation=&#8221;&#8221;][vc_column_inner]<div class="custom_font_holder" style="font-family: Open Sans; font-size: 36px; line-height: 49px; font-style: normal; font-weight: 700; color: #ffffff; text-decoration: none; letter-spacing: 10px; text-align: center;">
<h2 style="text-align: center;"><span style="color: #ffffff;">DEGUSTACIÓ DE MENÚS</span></h2>
</div>[vc_separator type=&#8221;transparent&#8221; up=&#8221;23&#8243; down=&#8221;0&#8243;][vc_column_text]</p>
<h4 style="text-align: center;"><span style="color: #ffffff;">Al Turó del Sol us convidem a degustar diferents propostes perquè la vostra celebració sigui única i inoblidable, sempre assessorats per un professional.<br />
</span></h4>
<p>[/vc_column_text][vc_separator type=&#8221;transparent&#8221; up=&#8221;259&#8243; down=&#8221;0&#8243;][/vc_column_inner][/vc_row_inner][/vc_column][/vc_row][vc_row row_type=&#8221;parallax&#8221; parallax_content_width=&#8221;in_grid&#8221; text_align=&#8221;left&#8221; full_screen_section_height=&#8221;no&#8221;][vc_column][vc_separator type=&#8221;transparent&#8221; up=&#8221;7&#8243; down=&#8221;38&#8243;][vc_column_text]</p>
<h2 style="text-align: center;">Cuina Mediterrània</h2>
<p>[/vc_column_text][vc_separator type=&#8221;small&#8221; position=&#8221;center&#8221; up=&#8221;7&#8243; down=&#8221;38&#8243;][vc_column_text]</p>
<h4 style="text-align: center;">En Turo del Sol disposem d&#8217;un equip de cuina que pot elaborar tot tipus de plats per a persones amb al•lèrgies o intoleràncies, també confeccionem menús per vegans o vegetarians fent menús personalitzats tenint en compte cadascuna de les particularitats.</h4>
<p>[/vc_column_text][vc_separator type=&#8221;transparent&#8221; up=&#8221;7&#8243; down=&#8221;38&#8243;][/vc_column][/vc_row][vc_row css_animation=&#8221;&#8221; row_type=&#8221;row&#8221; use_row_as_full_screen_section=&#8221;no&#8221; type=&#8221;full_width&#8221; angled_section=&#8221;no&#8221; text_align=&#8221;left&#8221; background_image_as_pattern=&#8221;without_pattern&#8221;][vc_column][vc_separator type=&#8221;transparent&#8221; up=&#8221;60&#8243;][/vc_column][/vc_row]</p>

<p>[vc_row css_animation=&#8221;&#8221; row_type=&#8221;row&#8221; use_row_as_full_screen_section=&#8221;no&#8221; type=&#8221;grid&#8221; angled_section=&#8221;no&#8221; text_align=&#8221;left&#8221; background_image_as_pattern=&#8221;without_pattern&#8221; background_color=&#8221;#ffffff&#8221; padding_bottom=&#8221;50&#8243; z_index=&#8221;&#8221;][vc_column][vc_separator type=&#8221;transparent&#8221; up=&#8221;45&#8243; down=&#8221;0&#8243;][vc_column_text] Salons i restauració pròpia [/vc_column_text][vc_separator type=&#8221;transparent&#8221; up=&#8221;23&#8243; down=&#8221;0&#8243;][vc_column_text] En Turó del sol trobaràs unes sales amb vistes a uns jardins de somni. Una celebració en exclusiva sense horaris d&#8217;entrada o sortida&#8230;.</p>

<!-- This site is optimized with the Yoast SEO plugin v19.10 - https://yoast.com/wordpress/plugins/seo/ -->
<title>Gastronomia | Restaurant per a noces Turó del Sol | Noces Barcelona</title>
<meta name="description" content="Gastronomia Turó del Sol, cuina mediterrània i de mercat Comptem amb cuina pròpia, visita&#039;ns a Sant Vicenç de Montalt Barcelona" />
<meta name="robots" content="index, follow, max-snippet:-1, max-image-preview:large, max-video-preview:-1" />
<link rel="canonical" href="https://turodelsol.com/ca/la-nostra-gastronomia/" />
<meta property="og:locale" content="ca_ES" />
<meta property="og:type" content="article" />
<meta property="og:title" content="Gastronomia | Restaurant per a noces Turó del Sol | Noces Barcelona" />
<meta property="og:description" content="Gastronomia Turó del Sol, cuina mediterrània i de mercat Comptem amb cuina pròpia, visita&#039;ns a Sant Vicenç de Montalt Barcelona" />
<meta property="og:url" content="https://turodelsol.com/ca/la-nostra-gastronomia/" />
<meta property="og:site_name" content="Turó del Sol" />
<meta property="article:publisher" content="https://es-es.facebook.com/turodelsol" />
<meta property="article:modified_time" content="2021-05-22T07:59:55+00:00" />
<meta name="twitter:card" content="summary_large_image" />
<meta name="twitter:label1" content="Temps estimat de lectura" />
	<meta name="twitter:data1" content="2 minuts" />
<script type="application/ld+json" class="yoast-schema-graph">{"@context":"https://schema.org","@graph":[{"@type":"WebPage","@id":"https://turodelsol.com/ca/la-nostra-gastronomia/","url":"https://turodelsol.com/ca/la-nostra-gastronomia/","name":"Gastronomia | Restaurant per a noces Turó del Sol | Noces Barcelona","isPartOf":{"@id":"https://turodelsol.com/#website"},"datePublished":"2014-03-28T17:48:10+00:00","dateModified":"2021-05-22T07:59:55+00:00","description":"Gastronomia Turó del Sol, cuina mediterrània i de mercat Comptem amb cuina pròpia, visita'ns a Sant Vicenç de Montalt Barcelona","breadcrumb":{"@id":"https://turodelsol.com/ca/la-nostra-gastronomia/#breadcrumb"},"inLanguage":"ca","potentialAction":[{"@type":"ReadAction","target":["https://turodelsol.com/ca/la-nostra-gastronomia/"]}]},{"@type":"BreadcrumbList","@id":"https://turodelsol.com/ca/la-nostra-gastronomia/#breadcrumb","itemListElement":[{"@type":"ListItem","position":1,"name":"Portada","item":"https://turodelsol.com/ca/"},{"@type":"ListItem","position":2,"name":"La nostra Gastronomia"}]},{"@type":"WebSite","@id":"https://turodelsol.com/#website","url":"https://turodelsol.com/","name":"Turó del Sol","description":"Restaurante para bodas Barcelona","publisher":{"@id":"https://turodelsol.com/#organization"},"potentialAction":[{"@type":"SearchAction","target":{"@type":"EntryPoint","urlTemplate":"https://turodelsol.com/?s={search_term_string}"},"query-input":"required name=search_term_string"}],"inLanguage":"ca"},{"@type":"Organization","@id":"https://turodelsol.com/#organization","name":"Restaurante Turó del Sol","url":"https://turodelsol.com/","logo":{"@type":"ImageObject","inLanguage":"ca","@id":"https://turodelsol.com/#/schema/logo/image/","url":"https://turodelsol.com/wp-content/uploads/2018/12/logo-turo-del-sol-web-2019-1.png","contentUrl":"https://turodelsol.com/wp-content/uploads/2018/12/logo-turo-del-sol-web-2019-1.png","width":214,"height":100,"caption":"Restaurante Turó del Sol"},"image":{"@id":"https://turodelsol.com/#/schema/logo/image/"},"sameAs":["https://www.instagram.com/turodelsol/","https://es-es.facebook.com/turodelsol"]}]}</script>
<!-- / Yoast SEO plugin. -->

Gastronomia | Restaurant per a noces Turó del Sol | Noces Barcelona

Gastronomia Turó del Sol, cuina mediterrània i de mercat Comptem amb cuina pròpia, visita'ns a Sant Vicenç de Montalt Barcelona

Turó del Sol

Restaurante Turó del Sol
