{"id":18324,"date":"2019-01-28T08:29:45","date_gmt":"2019-01-28T08:29:45","guid":{"rendered":"http:\/\/turodelsol.com\/galeries\/ceremonias-civiles-con-encanto\/"},"modified":"2020-02-18T08:45:48","modified_gmt":"2020-02-18T08:45:48","slug":"cerimonies-amb-encant","status":"publish","type":"page","link":"https:\/\/turodelsol.com\/ca\/galeries\/cerimonies-amb-encant\/","title":{"rendered":"Cerim\u00f2nies amb encant"},"content":{"rendered":"<p>[vc_row css_animation=&#8221;&#8221; row_type=&#8221;row&#8221; use_row_as_full_screen_section=&#8221;no&#8221; type=&#8221;grid&#8221; angled_section=&#8221;no&#8221; text_align=&#8221;left&#8221; background_image_as_pattern=&#8221;without_pattern&#8221; padding_top=&#8221;30&#8243; z_index=&#8221;&#8221;][vc_column width=&#8221;1\/6&#8243;][\/vc_column][vc_column width=&#8221;2\/3&#8243;][vc_column_text]<\/p>\n<h4 style=\"text-align: center;\">En els nostres jardins privats entre fonts i palmeres una cerim\u00f2nia civil cobra un protagonisme especial. Personalitzem la vostra cerim\u00f2nia amb vosaltres i les complementem amb detalls de glamur: cocktail per brindar pels nuvis, p\u00e8tals de rosa, m\u00fasica, i flors &#8230; tot cuidat fins l&#8217;\u00faltim detall, i una jutge de pau que realitza l&#8217;acte de forma personalitzada.<\/h4>\n<p>[\/vc_column_text][\/vc_column][vc_column width=&#8221;1\/6&#8243;][\/vc_column][\/vc_row][vc_row css_animation=&#8221;&#8221; row_type=&#8221;row&#8221; use_row_as_full_screen_section=&#8221;no&#8221; type=&#8221;full_width&#8221; angled_section=&#8221;no&#8221; text_align=&#8221;left&#8221; background_image_as_pattern=&#8221;without_pattern&#8221;][vc_column][vc_separator type=&#8221;transparent&#8221; up=&#8221;30&#8243;][\/vc_column][\/vc_row][vc_row css_animation=&#8221;&#8221; row_type=&#8221;row&#8221; use_row_as_full_screen_section=&#8221;no&#8221; type=&#8221;full_width&#8221; angled_section=&#8221;no&#8221; text_align=&#8221;left&#8221; background_image_as_pattern=&#8221;without_pattern&#8221;][vc_column][vc_tabs style=&#8221;horizontal&#8221;][vc_tab title=&#8221;P\u00e1gina 1&#8243; tab_id=&#8221;05a73ac4-3c73-6&#8243;][vc_gallery type=&#8221;image_grid&#8221; images=&#8221;17827,17821,17833,17836,17845,17839,17824,17818,18444,18446,18450,18452,18454,18456,18458,18460,18448&#8243; img_size=&#8221;600&#215;600&#8243; column_number=&#8221;3&#8243; grayscale=&#8221;no&#8221; images_space=&#8221;gallery_without_space&#8221;][\/vc_tab][\/vc_tabs][\/vc_column][\/vc_row][vc_row css_animation=&#8221;&#8221; row_type=&#8221;row&#8221; use_row_as_full_screen_section=&#8221;no&#8221; type=&#8221;full_width&#8221; angled_section=&#8221;no&#8221; text_align=&#8221;left&#8221; background_image_as_pattern=&#8221;without_pattern&#8221;][vc_column][vc_separator type=&#8221;transparent&#8221; up=&#8221;50&#8243;][\/vc_column][\/vc_row]<\/p>\n","protected":false},"excerpt":{"rendered":"<p>[vc_row css_animation=&#8221;&#8221; row_type=&#8221;row&#8221; use_row_as_full_screen_section=&#8221;no&#8221; type=&#8221;grid&#8221; angled_section=&#8221;no&#8221; text_align=&#8221;left&#8221; background_image_as_pattern=&#8221;without_pattern&#8221; padding_top=&#8221;30&#8243; z_index=&#8221;&#8221;][vc_column width=&#8221;1\/6&#8243;][\/vc_column][vc_column width=&#8221;2\/3&#8243;][vc_column_text] En els nostres jardins privats entre fonts i palmeres una cerim\u00f2nia civil cobra un protagonisme especial. Personalitzem la vostra cerim\u00f2nia amb vosaltres i les complementem amb detalls de glamur: cocktail per brindar pels&#8230;<\/p>\n","protected":false},"author":1,"featured_media":0,"parent":18315,"menu_order":0,"comment_status":"open","ping_status":"closed","template":"full_width.php","meta":{"_monsterinsights_skip_tracking":false,"_monsterinsights_sitenote_active":false,"_monsterinsights_sitenote_note":"","_monsterinsights_sitenote_category":0},"yoast_head":"<!-- This site is optimized with the Yoast SEO plugin v19.10 - https:\/\/yoast.com\/wordpress\/plugins\/seo\/ -->\n<title>Cerim\u00f2nies civils | Les teves noces civils a Barcelona<\/title>\n<meta name=\"description\" content=\"Restaurant noces Barcelona disposa d&#039;amplis jardins, el teu restaurant a Sant Vicen\u00e7 de Montalt Cerim\u00f2nies Civils\" \/>\n<meta name=\"robots\" content=\"index, follow, max-snippet:-1, max-image-preview:large, max-video-preview:-1\" \/>\n<link rel=\"canonical\" href=\"https:\/\/turodelsol.com\/ca\/galeries\/cerimonies-amb-encant\/\" \/>\n<meta property=\"og:locale\" content=\"ca_ES\" \/>\n<meta property=\"og:type\" content=\"article\" \/>\n<meta property=\"og:title\" content=\"Cerim\u00f2nies civils | Les teves noces civils a Barcelona\" \/>\n<meta property=\"og:description\" content=\"Restaurant noces Barcelona disposa d&#039;amplis jardins, el teu restaurant a Sant Vicen\u00e7 de Montalt Cerim\u00f2nies Civils\" \/>\n<meta property=\"og:url\" content=\"https:\/\/turodelsol.com\/ca\/galeries\/cerimonies-amb-encant\/\" \/>\n<meta property=\"og:site_name\" content=\"Tur\u00f3 del Sol\" \/>\n<meta property=\"article:publisher\" content=\"https:\/\/es-es.facebook.com\/turodelsol\" \/>\n<meta property=\"article:modified_time\" content=\"2020-02-18T08:45:48+00:00\" \/>\n<meta name=\"twitter:card\" content=\"summary_large_image\" \/>\n<meta name=\"twitter:label1\" content=\"Temps estimat de lectura\" \/>\n\t<meta name=\"twitter:data1\" content=\"1 minut\" \/>\n<script type=\"application\/ld+json\" class=\"yoast-schema-graph\">{\"@context\":\"https:\/\/schema.org\",\"@graph\":[{\"@type\":\"WebPage\",\"@id\":\"https:\/\/turodelsol.com\/ca\/galeries\/cerimonies-amb-encant\/\",\"url\":\"https:\/\/turodelsol.com\/ca\/galeries\/cerimonies-amb-encant\/\",\"name\":\"Cerim\u00f2nies civils | Les teves noces civils a Barcelona\",\"isPartOf\":{\"@id\":\"https:\/\/turodelsol.com\/#website\"},\"datePublished\":\"2019-01-28T08:29:45+00:00\",\"dateModified\":\"2020-02-18T08:45:48+00:00\",\"description\":\"Restaurant noces Barcelona disposa d'amplis jardins, el teu restaurant a Sant Vicen\u00e7 de Montalt Cerim\u00f2nies Civils\",\"breadcrumb\":{\"@id\":\"https:\/\/turodelsol.com\/ca\/galeries\/cerimonies-amb-encant\/#breadcrumb\"},\"inLanguage\":\"ca\",\"potentialAction\":[{\"@type\":\"ReadAction\",\"target\":[\"https:\/\/turodelsol.com\/ca\/galeries\/cerimonies-amb-encant\/\"]}]},{\"@type\":\"BreadcrumbList\",\"@id\":\"https:\/\/turodelsol.com\/ca\/galeries\/cerimonies-amb-encant\/#breadcrumb\",\"itemListElement\":[{\"@type\":\"ListItem\",\"position\":1,\"name\":\"Portada\",\"item\":\"https:\/\/turodelsol.com\/ca\/\"},{\"@type\":\"ListItem\",\"position\":2,\"name\":\"Galeries\",\"item\":\"https:\/\/turodelsol.com\/ca\/galeries\/\"},{\"@type\":\"ListItem\",\"position\":3,\"name\":\"Cerim\u00f2nies amb encant\"}]},{\"@type\":\"WebSite\",\"@id\":\"https:\/\/turodelsol.com\/#website\",\"url\":\"https:\/\/turodelsol.com\/\",\"name\":\"Tur\u00f3 del Sol\",\"description\":\"Restaurante para bodas Barcelona\",\"publisher\":{\"@id\":\"https:\/\/turodelsol.com\/#organization\"},\"potentialAction\":[{\"@type\":\"SearchAction\",\"target\":{\"@type\":\"EntryPoint\",\"urlTemplate\":\"https:\/\/turodelsol.com\/?s={search_term_string}\"},\"query-input\":\"required name=search_term_string\"}],\"inLanguage\":\"ca\"},{\"@type\":\"Organization\",\"@id\":\"https:\/\/turodelsol.com\/#organization\",\"name\":\"Restaurante Tur\u00f3 del Sol\",\"url\":\"https:\/\/turodelsol.com\/\",\"logo\":{\"@type\":\"ImageObject\",\"inLanguage\":\"ca\",\"@id\":\"https:\/\/turodelsol.com\/#\/schema\/logo\/image\/\",\"url\":\"https:\/\/turodelsol.com\/wp-content\/uploads\/2018\/12\/logo-turo-del-sol-web-2019-1.png\",\"contentUrl\":\"https:\/\/turodelsol.com\/wp-content\/uploads\/2018\/12\/logo-turo-del-sol-web-2019-1.png\",\"width\":214,\"height\":100,\"caption\":\"Restaurante Tur\u00f3 del Sol\"},\"image\":{\"@id\":\"https:\/\/turodelsol.com\/#\/schema\/logo\/image\/\"},\"sameAs\":[\"https:\/\/www.instagram.com\/turodelsol\/\",\"https:\/\/es-es.facebook.com\/turodelsol\"]}]}<\/script>\n<!-- \/ Yoast SEO plugin. -->","yoast_head_json":{"title":"Cerim\u00f2nies civils | Les teves noces civils a Barcelona","description":"Restaurant noces Barcelona disposa d'amplis jardins, el teu restaurant a Sant Vicen\u00e7 de Montalt Cerim\u00f2nies Civils","robots":{"index":"index","follow":"follow","max-snippet":"max-snippet:-1","max-image-preview":"max-image-preview:large","max-video-preview":"max-video-preview:-1"},"canonical":"https:\/\/turodelsol.com\/ca\/galeries\/cerimonies-amb-encant\/","og_locale":"ca_ES","og_type":"article","og_title":"Cerim\u00f2nies civils | Les teves noces civils a Barcelona","og_description":"Restaurant noces Barcelona disposa d'amplis jardins, el teu restaurant a Sant Vicen\u00e7 de Montalt Cerim\u00f2nies Civils","og_url":"https:\/\/turodelsol.com\/ca\/galeries\/cerimonies-amb-encant\/","og_site_name":"Tur\u00f3 del Sol","article_publisher":"https:\/\/es-es.facebook.com\/turodelsol","article_modified_time":"2020-02-18T08:45:48+00:00","twitter_card":"summary_large_image","twitter_misc":{"Temps estimat de lectura":"1 minut"},"schema":{"@context":"https:\/\/schema.org","@graph":[{"@type":"WebPage","@id":"https:\/\/turodelsol.com\/ca\/galeries\/cerimonies-amb-encant\/","url":"https:\/\/turodelsol.com\/ca\/galeries\/cerimonies-amb-encant\/","name":"Cerim\u00f2nies civils | Les teves noces civils a Barcelona","isPartOf":{"@id":"https:\/\/turodelsol.com\/#website"},"datePublished":"2019-01-28T08:29:45+00:00","dateModified":"2020-02-18T08:45:48+00:00","description":"Restaurant noces Barcelona disposa d'amplis jardins, el teu restaurant a Sant Vicen\u00e7 de Montalt Cerim\u00f2nies Civils","breadcrumb":{"@id":"https:\/\/turodelsol.com\/ca\/galeries\/cerimonies-amb-encant\/#breadcrumb"},"inLanguage":"ca","potentialAction":[{"@type":"ReadAction","target":["https:\/\/turodelsol.com\/ca\/galeries\/cerimonies-amb-encant\/"]}]},{"@type":"BreadcrumbList","@id":"https:\/\/turodelsol.com\/ca\/galeries\/cerimonies-amb-encant\/#breadcrumb","itemListElement":[{"@type":"ListItem","position":1,"name":"Portada","item":"https:\/\/turodelsol.com\/ca\/"},{"@type":"ListItem","position":2,"name":"Galeries","item":"https:\/\/turodelsol.com\/ca\/galeries\/"},{"@type":"ListItem","position":3,"name":"Cerim\u00f2nies amb encant"}]},{"@type":"WebSite","@id":"https:\/\/turodelsol.com\/#website","url":"https:\/\/turodelsol.com\/","name":"Tur\u00f3 del Sol","description":"Restaurante para bodas Barcelona","publisher":{"@id":"https:\/\/turodelsol.com\/#organization"},"potentialAction":[{"@type":"SearchAction","target":{"@type":"EntryPoint","urlTemplate":"https:\/\/turodelsol.com\/?s={search_term_string}"},"query-input":"required name=search_term_string"}],"inLanguage":"ca"},{"@type":"Organization","@id":"https:\/\/turodelsol.com\/#organization","name":"Restaurante Tur\u00f3 del Sol","url":"https:\/\/turodelsol.com\/","logo":{"@type":"ImageObject","inLanguage":"ca","@id":"https:\/\/turodelsol.com\/#\/schema\/logo\/image\/","url":"https:\/\/turodelsol.com\/wp-content\/uploads\/2018\/12\/logo-turo-del-sol-web-2019-1.png","contentUrl":"https:\/\/turodelsol.com\/wp-content\/uploads\/2018\/12\/logo-turo-del-sol-web-2019-1.png","width":214,"height":100,"caption":"Restaurante Tur\u00f3 del Sol"},"image":{"@id":"https:\/\/turodelsol.com\/#\/schema\/logo\/image\/"},"sameAs":["https:\/\/www.instagram.com\/turodelsol\/","https:\/\/es-es.facebook.com\/turodelsol"]}]}},"_links":{"self":[{"href":"https:\/\/turodelsol.com\/ca\/wp-json\/wp\/v2\/pages\/18324"}],"collection":[{"href":"https:\/\/turodelsol.com\/ca\/wp-json\/wp\/v2\/pages"}],"about":[{"href":"https:\/\/turodelsol.com\/ca\/wp-json\/wp\/v2\/types\/page"}],"author":[{"embeddable":true,"href":"https:\/\/turodelsol.com\/ca\/wp-json\/wp\/v2\/users\/1"}],"replies":[{"embeddable":true,"href":"https:\/\/turodelsol.com\/ca\/wp-json\/wp\/v2\/comments?post=18324"}],"version-history":[{"count":5,"href":"https:\/\/turodelsol.com\/ca\/wp-json\/wp\/v2\/pages\/18324\/revisions"}],"predecessor-version":[{"id":18492,"href":"https:\/\/turodelsol.com\/ca\/wp-json\/wp\/v2\/pages\/18324\/revisions\/18492"}],"up":[{"embeddable":true,"href":"https:\/\/turodelsol.com\/ca\/wp-json\/wp\/v2\/pages\/18315"}],"wp:attachment":[{"href":"https:\/\/turodelsol.com\/ca\/wp-json\/wp\/v2\/media?parent=18324"}],"curies":[{"name":"wp","href":"https:\/\/api.w.org\/{rel}","templated":true}]}}

Cerimònies amb encant

<p>[vc_row css_animation=&#8221;&#8221; row_type=&#8221;row&#8221; use_row_as_full_screen_section=&#8221;no&#8221; type=&#8221;grid&#8221; angled_section=&#8221;no&#8221; text_align=&#8221;left&#8221; background_image_as_pattern=&#8221;without_pattern&#8221; padding_top=&#8221;30&#8243; z_index=&#8221;&#8221;][vc_column width=&#8221;1/6&#8243;][/vc_column][vc_column width=&#8221;2/3&#8243;][vc_column_text]</p>
<h4 style="text-align: center;">En els nostres jardins privats entre fonts i palmeres una cerimònia civil cobra un protagonisme especial. Personalitzem la vostra cerimònia amb vosaltres i les complementem amb detalls de glamur: cocktail per brindar pels nuvis, pètals de rosa, música, i flors &#8230; tot cuidat fins l&#8217;últim detall, i una jutge de pau que realitza l&#8217;acte de forma personalitzada.</h4>
<p>[/vc_column_text][/vc_column][vc_column width=&#8221;1/6&#8243;][/vc_column][/vc_row][vc_row css_animation=&#8221;&#8221; row_type=&#8221;row&#8221; use_row_as_full_screen_section=&#8221;no&#8221; type=&#8221;full_width&#8221; angled_section=&#8221;no&#8221; text_align=&#8221;left&#8221; background_image_as_pattern=&#8221;without_pattern&#8221;][vc_column][vc_separator type=&#8221;transparent&#8221; up=&#8221;30&#8243;][/vc_column][/vc_row][vc_row css_animation=&#8221;&#8221; row_type=&#8221;row&#8221; use_row_as_full_screen_section=&#8221;no&#8221; type=&#8221;full_width&#8221; angled_section=&#8221;no&#8221; text_align=&#8221;left&#8221; background_image_as_pattern=&#8221;without_pattern&#8221;][vc_column][vc_tabs style=&#8221;horizontal&#8221;][vc_tab title=&#8221;Página 1&#8243; tab_id=&#8221;05a73ac4-3c73-6&#8243;][vc_gallery type=&#8221;image_grid&#8221; images=&#8221;17827,17821,17833,17836,17845,17839,17824,17818,18444,18446,18450,18452,18454,18456,18458,18460,18448&#8243; img_size=&#8221;600&#215;600&#8243; column_number=&#8221;3&#8243; grayscale=&#8221;no&#8221; images_space=&#8221;gallery_without_space&#8221;][/vc_tab][/vc_tabs][/vc_column][/vc_row][vc_row css_animation=&#8221;&#8221; row_type=&#8221;row&#8221; use_row_as_full_screen_section=&#8221;no&#8221; type=&#8221;full_width&#8221; angled_section=&#8221;no&#8221; text_align=&#8221;left&#8221; background_image_as_pattern=&#8221;without_pattern&#8221;][vc_column][vc_separator type=&#8221;transparent&#8221; up=&#8221;50&#8243;][/vc_column][/vc_row]</p>

<p>[vc_row css_animation=&#8221;&#8221; row_type=&#8221;row&#8221; use_row_as_full_screen_section=&#8221;no&#8221; type=&#8221;grid&#8221; angled_section=&#8221;no&#8221; text_align=&#8221;left&#8221; background_image_as_pattern=&#8221;without_pattern&#8221; padding_top=&#8221;30&#8243; z_index=&#8221;&#8221;][vc_column width=&#8221;1/6&#8243;][/vc_column][vc_column width=&#8221;2/3&#8243;][vc_column_text] En els nostres jardins privats entre fonts i palmeres una cerimònia civil cobra un protagonisme especial. Personalitzem la vostra cerimònia amb vosaltres i les complementem amb detalls de glamur: cocktail per brindar pels&#8230;</p>

<!-- This site is optimized with the Yoast SEO plugin v19.10 - https://yoast.com/wordpress/plugins/seo/ -->
<title>Cerimònies civils | Les teves noces civils a Barcelona</title>
<meta name="description" content="Restaurant noces Barcelona disposa d&#039;amplis jardins, el teu restaurant a Sant Vicenç de Montalt Cerimònies Civils" />
<meta name="robots" content="index, follow, max-snippet:-1, max-image-preview:large, max-video-preview:-1" />
<link rel="canonical" href="https://turodelsol.com/ca/galeries/cerimonies-amb-encant/" />
<meta property="og:locale" content="ca_ES" />
<meta property="og:type" content="article" />
<meta property="og:title" content="Cerimònies civils | Les teves noces civils a Barcelona" />
<meta property="og:description" content="Restaurant noces Barcelona disposa d&#039;amplis jardins, el teu restaurant a Sant Vicenç de Montalt Cerimònies Civils" />
<meta property="og:url" content="https://turodelsol.com/ca/galeries/cerimonies-amb-encant/" />
<meta property="og:site_name" content="Turó del Sol" />
<meta property="article:publisher" content="https://es-es.facebook.com/turodelsol" />
<meta property="article:modified_time" content="2020-02-18T08:45:48+00:00" />
<meta name="twitter:card" content="summary_large_image" />
<meta name="twitter:label1" content="Temps estimat de lectura" />
	<meta name="twitter:data1" content="1 minut" />
<script type="application/ld+json" class="yoast-schema-graph">{"@context":"https://schema.org","@graph":[{"@type":"WebPage","@id":"https://turodelsol.com/ca/galeries/cerimonies-amb-encant/","url":"https://turodelsol.com/ca/galeries/cerimonies-amb-encant/","name":"Cerimònies civils | Les teves noces civils a Barcelona","isPartOf":{"@id":"https://turodelsol.com/#website"},"datePublished":"2019-01-28T08:29:45+00:00","dateModified":"2020-02-18T08:45:48+00:00","description":"Restaurant noces Barcelona disposa d'amplis jardins, el teu restaurant a Sant Vicenç de Montalt Cerimònies Civils","breadcrumb":{"@id":"https://turodelsol.com/ca/galeries/cerimonies-amb-encant/#breadcrumb"},"inLanguage":"ca","potentialAction":[{"@type":"ReadAction","target":["https://turodelsol.com/ca/galeries/cerimonies-amb-encant/"]}]},{"@type":"BreadcrumbList","@id":"https://turodelsol.com/ca/galeries/cerimonies-amb-encant/#breadcrumb","itemListElement":[{"@type":"ListItem","position":1,"name":"Portada","item":"https://turodelsol.com/ca/"},{"@type":"ListItem","position":2,"name":"Galeries","item":"https://turodelsol.com/ca/galeries/"},{"@type":"ListItem","position":3,"name":"Cerimònies amb encant"}]},{"@type":"WebSite","@id":"https://turodelsol.com/#website","url":"https://turodelsol.com/","name":"Turó del Sol","description":"Restaurante para bodas Barcelona","publisher":{"@id":"https://turodelsol.com/#organization"},"potentialAction":[{"@type":"SearchAction","target":{"@type":"EntryPoint","urlTemplate":"https://turodelsol.com/?s={search_term_string}"},"query-input":"required name=search_term_string"}],"inLanguage":"ca"},{"@type":"Organization","@id":"https://turodelsol.com/#organization","name":"Restaurante Turó del Sol","url":"https://turodelsol.com/","logo":{"@type":"ImageObject","inLanguage":"ca","@id":"https://turodelsol.com/#/schema/logo/image/","url":"https://turodelsol.com/wp-content/uploads/2018/12/logo-turo-del-sol-web-2019-1.png","contentUrl":"https://turodelsol.com/wp-content/uploads/2018/12/logo-turo-del-sol-web-2019-1.png","width":214,"height":100,"caption":"Restaurante Turó del Sol"},"image":{"@id":"https://turodelsol.com/#/schema/logo/image/"},"sameAs":["https://www.instagram.com/turodelsol/","https://es-es.facebook.com/turodelsol"]}]}</script>
<!-- / Yoast SEO plugin. -->

Cerimònies civils | Les teves noces civils a Barcelona

Restaurant noces Barcelona disposa d'amplis jardins, el teu restaurant a Sant Vicenç de Montalt Cerimònies Civils

Turó del Sol

Restaurante Turó del Sol
