{"id":18318,"date":"2019-01-07T08:19:34","date_gmt":"2019-01-07T08:19:34","guid":{"rendered":"http:\/\/turodelsol.com\/galeries\/jardines-de-ensueno\/"},"modified":"2021-05-22T07:52:12","modified_gmt":"2021-05-22T07:52:12","slug":"jardins-de-somni","status":"publish","type":"page","link":"https:\/\/turodelsol.com\/ca\/galeries\/jardins-de-somni\/","title":{"rendered":"Jardins de somni"},"content":{"rendered":"<p>[vc_row css_animation=&#8221;&#8221; row_type=&#8221;row&#8221; use_row_as_full_screen_section=&#8221;no&#8221; type=&#8221;grid&#8221; angled_section=&#8221;no&#8221; text_align=&#8221;left&#8221; background_image_as_pattern=&#8221;without_pattern&#8221; padding_top=&#8221;30&#8243; z_index=&#8221;&#8221;][vc_column width=&#8221;1\/6&#8243;][\/vc_column][vc_column width=&#8221;2\/3&#8243;][vc_column_text]<\/p>\n<h4 style=\"text-align: center;\">Tur\u00f3 del Sol t\u00e9 un entorn privilegiat amb 30.000 m2. de jardins amb fonts, palmeres, plantes multicolor, racons de gran bellesa i camins en els quals perdre, tot aix\u00f2 a la vostra disposici\u00f3 per a aquest reportatge fotogr\u00e0fic que guardareu per sempre. Jardins d&#8217;\u00fas exclusiu.<\/h4>\n<p>[\/vc_column_text][\/vc_column][vc_column width=&#8221;1\/6&#8243;][\/vc_column][\/vc_row][vc_row css_animation=&#8221;&#8221; row_type=&#8221;row&#8221; use_row_as_full_screen_section=&#8221;no&#8221; type=&#8221;full_width&#8221; angled_section=&#8221;no&#8221; text_align=&#8221;left&#8221; background_image_as_pattern=&#8221;without_pattern&#8221;][vc_column][vc_separator type=&#8221;transparent&#8221; up=&#8221;30&#8243;][\/vc_column][\/vc_row][vc_row css_animation=&#8221;&#8221; row_type=&#8221;row&#8221; use_row_as_full_screen_section=&#8221;no&#8221; type=&#8221;full_width&#8221; angled_section=&#8221;no&#8221; text_align=&#8221;left&#8221; background_image_as_pattern=&#8221;without_pattern&#8221; z_index=&#8221;&#8221;][vc_column][vc_tabs style=&#8221;horizontal&#8221;][vc_tab title=&#8221;P\u00e1gina 1&#8243; tab_id=&#8221;05a73ac4-3c73-6&#8243;][vc_gallery type=&#8221;image_grid&#8221; images=&#8221;17729,17732,17735,17738,17741,17744,17747,17750,17753,17756,17809,17806,18463,18465,18467,18469,18471,18473&#8243; img_size=&#8221;600&#215;600&#8243; onclick=&#8221;img_link_large&#8221; column_number=&#8221;3&#8243; grayscale=&#8221;no&#8221; images_space=&#8221;gallery_without_space&#8221;][\/vc_tab][vc_tab title=&#8221;P\u00e1gina 2&#8243; tab_id=&#8221;1d33a2ef-63e4-5&#8243;][vc_gallery type=&#8221;image_grid&#8221; images=&#8221;17766,17769,17772,17778,17781,17784,17790,17793,17796,17799,17759,17762&#8243; img_size=&#8221;600&#215;600&#8243; column_number=&#8221;3&#8243; grayscale=&#8221;no&#8221; images_space=&#8221;gallery_without_space&#8221;][\/vc_tab][\/vc_tabs][\/vc_column][\/vc_row][vc_row css_animation=&#8221;&#8221; row_type=&#8221;row&#8221; use_row_as_full_screen_section=&#8221;no&#8221; type=&#8221;full_width&#8221; angled_section=&#8221;no&#8221; text_align=&#8221;left&#8221; background_image_as_pattern=&#8221;without_pattern&#8221;][vc_column][vc_separator type=&#8221;transparent&#8221; up=&#8221;50&#8243;][\/vc_column][\/vc_row]<\/p>\n","protected":false},"excerpt":{"rendered":"<p>[vc_row css_animation=&#8221;&#8221; row_type=&#8221;row&#8221; use_row_as_full_screen_section=&#8221;no&#8221; type=&#8221;grid&#8221; angled_section=&#8221;no&#8221; text_align=&#8221;left&#8221; background_image_as_pattern=&#8221;without_pattern&#8221; padding_top=&#8221;30&#8243; z_index=&#8221;&#8221;][vc_column width=&#8221;1\/6&#8243;][\/vc_column][vc_column width=&#8221;2\/3&#8243;][vc_column_text] Tur\u00f3 del Sol t\u00e9 un entorn privilegiat amb 30.000 m2. de jardins amb fonts, palmeres, plantes multicolor, racons de gran bellesa i camins en els quals perdre, tot aix\u00f2 a la vostra disposici\u00f3&#8230;<\/p>\n","protected":false},"author":1,"featured_media":0,"parent":18315,"menu_order":0,"comment_status":"open","ping_status":"closed","template":"full_width.php","meta":{"_monsterinsights_skip_tracking":false,"_monsterinsights_sitenote_active":false,"_monsterinsights_sitenote_note":"","_monsterinsights_sitenote_category":0},"yoast_head":"<!-- This site is optimized with the Yoast SEO plugin v19.10 - https:\/\/yoast.com\/wordpress\/plugins\/seo\/ -->\n<title>Jardins de somni | Galeria d&#039;Imatges | Tur\u00f3 del sol Barcelona<\/title>\n<meta name=\"description\" content=\"Visita la nostra galeria de Jardins de somni, Restaurant noces Barcelona disposa d&#039;amplis jardins amb vista a la mar\" \/>\n<meta name=\"robots\" content=\"index, follow, max-snippet:-1, max-image-preview:large, max-video-preview:-1\" \/>\n<link rel=\"canonical\" href=\"https:\/\/turodelsol.com\/ca\/galeries\/jardins-de-somni\/\" \/>\n<meta property=\"og:locale\" content=\"ca_ES\" \/>\n<meta property=\"og:type\" content=\"article\" \/>\n<meta property=\"og:title\" content=\"Jardins de somni | Galeria d&#039;Imatges | Tur\u00f3 del sol Barcelona\" \/>\n<meta property=\"og:description\" content=\"Visita la nostra galeria de Jardins de somni, Restaurant noces Barcelona disposa d&#039;amplis jardins amb vista a la mar\" \/>\n<meta property=\"og:url\" content=\"https:\/\/turodelsol.com\/ca\/galeries\/jardins-de-somni\/\" \/>\n<meta property=\"og:site_name\" content=\"Tur\u00f3 del Sol\" \/>\n<meta property=\"article:publisher\" content=\"https:\/\/es-es.facebook.com\/turodelsol\" \/>\n<meta property=\"article:modified_time\" content=\"2021-05-22T07:52:12+00:00\" \/>\n<meta name=\"twitter:card\" content=\"summary_large_image\" \/>\n<meta name=\"twitter:label1\" content=\"Temps estimat de lectura\" \/>\n\t<meta name=\"twitter:data1\" content=\"1 minut\" \/>\n<script type=\"application\/ld+json\" class=\"yoast-schema-graph\">{\"@context\":\"https:\/\/schema.org\",\"@graph\":[{\"@type\":\"WebPage\",\"@id\":\"https:\/\/turodelsol.com\/ca\/galeries\/jardins-de-somni\/\",\"url\":\"https:\/\/turodelsol.com\/ca\/galeries\/jardins-de-somni\/\",\"name\":\"Jardins de somni | Galeria d'Imatges | Tur\u00f3 del sol Barcelona\",\"isPartOf\":{\"@id\":\"https:\/\/turodelsol.com\/#website\"},\"datePublished\":\"2019-01-07T08:19:34+00:00\",\"dateModified\":\"2021-05-22T07:52:12+00:00\",\"description\":\"Visita la nostra galeria de Jardins de somni, Restaurant noces Barcelona disposa d'amplis jardins amb vista a la mar\",\"breadcrumb\":{\"@id\":\"https:\/\/turodelsol.com\/ca\/galeries\/jardins-de-somni\/#breadcrumb\"},\"inLanguage\":\"ca\",\"potentialAction\":[{\"@type\":\"ReadAction\",\"target\":[\"https:\/\/turodelsol.com\/ca\/galeries\/jardins-de-somni\/\"]}]},{\"@type\":\"BreadcrumbList\",\"@id\":\"https:\/\/turodelsol.com\/ca\/galeries\/jardins-de-somni\/#breadcrumb\",\"itemListElement\":[{\"@type\":\"ListItem\",\"position\":1,\"name\":\"Portada\",\"item\":\"https:\/\/turodelsol.com\/ca\/\"},{\"@type\":\"ListItem\",\"position\":2,\"name\":\"Galeries\",\"item\":\"https:\/\/turodelsol.com\/ca\/galeries\/\"},{\"@type\":\"ListItem\",\"position\":3,\"name\":\"Jardins de somni\"}]},{\"@type\":\"WebSite\",\"@id\":\"https:\/\/turodelsol.com\/#website\",\"url\":\"https:\/\/turodelsol.com\/\",\"name\":\"Tur\u00f3 del Sol\",\"description\":\"Restaurante para bodas Barcelona\",\"publisher\":{\"@id\":\"https:\/\/turodelsol.com\/#organization\"},\"potentialAction\":[{\"@type\":\"SearchAction\",\"target\":{\"@type\":\"EntryPoint\",\"urlTemplate\":\"https:\/\/turodelsol.com\/?s={search_term_string}\"},\"query-input\":\"required name=search_term_string\"}],\"inLanguage\":\"ca\"},{\"@type\":\"Organization\",\"@id\":\"https:\/\/turodelsol.com\/#organization\",\"name\":\"Restaurante Tur\u00f3 del Sol\",\"url\":\"https:\/\/turodelsol.com\/\",\"logo\":{\"@type\":\"ImageObject\",\"inLanguage\":\"ca\",\"@id\":\"https:\/\/turodelsol.com\/#\/schema\/logo\/image\/\",\"url\":\"https:\/\/turodelsol.com\/wp-content\/uploads\/2018\/12\/logo-turo-del-sol-web-2019-1.png\",\"contentUrl\":\"https:\/\/turodelsol.com\/wp-content\/uploads\/2018\/12\/logo-turo-del-sol-web-2019-1.png\",\"width\":214,\"height\":100,\"caption\":\"Restaurante Tur\u00f3 del Sol\"},\"image\":{\"@id\":\"https:\/\/turodelsol.com\/#\/schema\/logo\/image\/\"},\"sameAs\":[\"https:\/\/www.instagram.com\/turodelsol\/\",\"https:\/\/es-es.facebook.com\/turodelsol\"]}]}<\/script>\n<!-- \/ Yoast SEO plugin. -->","yoast_head_json":{"title":"Jardins de somni | Galeria d'Imatges | Tur\u00f3 del sol Barcelona","description":"Visita la nostra galeria de Jardins de somni, Restaurant noces Barcelona disposa d'amplis jardins amb vista a la mar","robots":{"index":"index","follow":"follow","max-snippet":"max-snippet:-1","max-image-preview":"max-image-preview:large","max-video-preview":"max-video-preview:-1"},"canonical":"https:\/\/turodelsol.com\/ca\/galeries\/jardins-de-somni\/","og_locale":"ca_ES","og_type":"article","og_title":"Jardins de somni | Galeria d'Imatges | Tur\u00f3 del sol Barcelona","og_description":"Visita la nostra galeria de Jardins de somni, Restaurant noces Barcelona disposa d'amplis jardins amb vista a la mar","og_url":"https:\/\/turodelsol.com\/ca\/galeries\/jardins-de-somni\/","og_site_name":"Tur\u00f3 del Sol","article_publisher":"https:\/\/es-es.facebook.com\/turodelsol","article_modified_time":"2021-05-22T07:52:12+00:00","twitter_card":"summary_large_image","twitter_misc":{"Temps estimat de lectura":"1 minut"},"schema":{"@context":"https:\/\/schema.org","@graph":[{"@type":"WebPage","@id":"https:\/\/turodelsol.com\/ca\/galeries\/jardins-de-somni\/","url":"https:\/\/turodelsol.com\/ca\/galeries\/jardins-de-somni\/","name":"Jardins de somni | Galeria d'Imatges | Tur\u00f3 del sol Barcelona","isPartOf":{"@id":"https:\/\/turodelsol.com\/#website"},"datePublished":"2019-01-07T08:19:34+00:00","dateModified":"2021-05-22T07:52:12+00:00","description":"Visita la nostra galeria de Jardins de somni, Restaurant noces Barcelona disposa d'amplis jardins amb vista a la mar","breadcrumb":{"@id":"https:\/\/turodelsol.com\/ca\/galeries\/jardins-de-somni\/#breadcrumb"},"inLanguage":"ca","potentialAction":[{"@type":"ReadAction","target":["https:\/\/turodelsol.com\/ca\/galeries\/jardins-de-somni\/"]}]},{"@type":"BreadcrumbList","@id":"https:\/\/turodelsol.com\/ca\/galeries\/jardins-de-somni\/#breadcrumb","itemListElement":[{"@type":"ListItem","position":1,"name":"Portada","item":"https:\/\/turodelsol.com\/ca\/"},{"@type":"ListItem","position":2,"name":"Galeries","item":"https:\/\/turodelsol.com\/ca\/galeries\/"},{"@type":"ListItem","position":3,"name":"Jardins de somni"}]},{"@type":"WebSite","@id":"https:\/\/turodelsol.com\/#website","url":"https:\/\/turodelsol.com\/","name":"Tur\u00f3 del Sol","description":"Restaurante para bodas Barcelona","publisher":{"@id":"https:\/\/turodelsol.com\/#organization"},"potentialAction":[{"@type":"SearchAction","target":{"@type":"EntryPoint","urlTemplate":"https:\/\/turodelsol.com\/?s={search_term_string}"},"query-input":"required name=search_term_string"}],"inLanguage":"ca"},{"@type":"Organization","@id":"https:\/\/turodelsol.com\/#organization","name":"Restaurante Tur\u00f3 del Sol","url":"https:\/\/turodelsol.com\/","logo":{"@type":"ImageObject","inLanguage":"ca","@id":"https:\/\/turodelsol.com\/#\/schema\/logo\/image\/","url":"https:\/\/turodelsol.com\/wp-content\/uploads\/2018\/12\/logo-turo-del-sol-web-2019-1.png","contentUrl":"https:\/\/turodelsol.com\/wp-content\/uploads\/2018\/12\/logo-turo-del-sol-web-2019-1.png","width":214,"height":100,"caption":"Restaurante Tur\u00f3 del Sol"},"image":{"@id":"https:\/\/turodelsol.com\/#\/schema\/logo\/image\/"},"sameAs":["https:\/\/www.instagram.com\/turodelsol\/","https:\/\/es-es.facebook.com\/turodelsol"]}]}},"_links":{"self":[{"href":"https:\/\/turodelsol.com\/ca\/wp-json\/wp\/v2\/pages\/18318"}],"collection":[{"href":"https:\/\/turodelsol.com\/ca\/wp-json\/wp\/v2\/pages"}],"about":[{"href":"https:\/\/turodelsol.com\/ca\/wp-json\/wp\/v2\/types\/page"}],"author":[{"embeddable":true,"href":"https:\/\/turodelsol.com\/ca\/wp-json\/wp\/v2\/users\/1"}],"replies":[{"embeddable":true,"href":"https:\/\/turodelsol.com\/ca\/wp-json\/wp\/v2\/comments?post=18318"}],"version-history":[{"count":15,"href":"https:\/\/turodelsol.com\/ca\/wp-json\/wp\/v2\/pages\/18318\/revisions"}],"predecessor-version":[{"id":18624,"href":"https:\/\/turodelsol.com\/ca\/wp-json\/wp\/v2\/pages\/18318\/revisions\/18624"}],"up":[{"embeddable":true,"href":"https:\/\/turodelsol.com\/ca\/wp-json\/wp\/v2\/pages\/18315"}],"wp:attachment":[{"href":"https:\/\/turodelsol.com\/ca\/wp-json\/wp\/v2\/media?parent=18318"}],"curies":[{"name":"wp","href":"https:\/\/api.w.org\/{rel}","templated":true}]}}

<p>[vc_row css_animation=&#8221;&#8221; row_type=&#8221;row&#8221; use_row_as_full_screen_section=&#8221;no&#8221; type=&#8221;grid&#8221; angled_section=&#8221;no&#8221; text_align=&#8221;left&#8221; background_image_as_pattern=&#8221;without_pattern&#8221; padding_top=&#8221;30&#8243; z_index=&#8221;&#8221;][vc_column width=&#8221;1/6&#8243;][/vc_column][vc_column width=&#8221;2/3&#8243;][vc_column_text]</p>
<h4 style="text-align: center;">Turó del Sol té un entorn privilegiat amb 30.000 m2. de jardins amb fonts, palmeres, plantes multicolor, racons de gran bellesa i camins en els quals perdre, tot això a la vostra disposició per a aquest reportatge fotogràfic que guardareu per sempre. Jardins d&#8217;ús exclusiu.</h4>
<p>[/vc_column_text][/vc_column][vc_column width=&#8221;1/6&#8243;][/vc_column][/vc_row][vc_row css_animation=&#8221;&#8221; row_type=&#8221;row&#8221; use_row_as_full_screen_section=&#8221;no&#8221; type=&#8221;full_width&#8221; angled_section=&#8221;no&#8221; text_align=&#8221;left&#8221; background_image_as_pattern=&#8221;without_pattern&#8221;][vc_column][vc_separator type=&#8221;transparent&#8221; up=&#8221;30&#8243;][/vc_column][/vc_row][vc_row css_animation=&#8221;&#8221; row_type=&#8221;row&#8221; use_row_as_full_screen_section=&#8221;no&#8221; type=&#8221;full_width&#8221; angled_section=&#8221;no&#8221; text_align=&#8221;left&#8221; background_image_as_pattern=&#8221;without_pattern&#8221; z_index=&#8221;&#8221;][vc_column][vc_tabs style=&#8221;horizontal&#8221;][vc_tab title=&#8221;Página 1&#8243; tab_id=&#8221;05a73ac4-3c73-6&#8243;][vc_gallery type=&#8221;image_grid&#8221; images=&#8221;17729,17732,17735,17738,17741,17744,17747,17750,17753,17756,17809,17806,18463,18465,18467,18469,18471,18473&#8243; img_size=&#8221;600&#215;600&#8243; onclick=&#8221;img_link_large&#8221; column_number=&#8221;3&#8243; grayscale=&#8221;no&#8221; images_space=&#8221;gallery_without_space&#8221;][/vc_tab][vc_tab title=&#8221;Página 2&#8243; tab_id=&#8221;1d33a2ef-63e4-5&#8243;][vc_gallery type=&#8221;image_grid&#8221; images=&#8221;17766,17769,17772,17778,17781,17784,17790,17793,17796,17799,17759,17762&#8243; img_size=&#8221;600&#215;600&#8243; column_number=&#8221;3&#8243; grayscale=&#8221;no&#8221; images_space=&#8221;gallery_without_space&#8221;][/vc_tab][/vc_tabs][/vc_column][/vc_row][vc_row css_animation=&#8221;&#8221; row_type=&#8221;row&#8221; use_row_as_full_screen_section=&#8221;no&#8221; type=&#8221;full_width&#8221; angled_section=&#8221;no&#8221; text_align=&#8221;left&#8221; background_image_as_pattern=&#8221;without_pattern&#8221;][vc_column][vc_separator type=&#8221;transparent&#8221; up=&#8221;50&#8243;][/vc_column][/vc_row]</p>

<p>[vc_row css_animation=&#8221;&#8221; row_type=&#8221;row&#8221; use_row_as_full_screen_section=&#8221;no&#8221; type=&#8221;grid&#8221; angled_section=&#8221;no&#8221; text_align=&#8221;left&#8221; background_image_as_pattern=&#8221;without_pattern&#8221; padding_top=&#8221;30&#8243; z_index=&#8221;&#8221;][vc_column width=&#8221;1/6&#8243;][/vc_column][vc_column width=&#8221;2/3&#8243;][vc_column_text] Turó del Sol té un entorn privilegiat amb 30.000 m2. de jardins amb fonts, palmeres, plantes multicolor, racons de gran bellesa i camins en els quals perdre, tot això a la vostra disposició&#8230;</p>

<!-- This site is optimized with the Yoast SEO plugin v19.10 - https://yoast.com/wordpress/plugins/seo/ -->
<title>Jardins de somni | Galeria d&#039;Imatges | Turó del sol Barcelona</title>
<meta name="description" content="Visita la nostra galeria de Jardins de somni, Restaurant noces Barcelona disposa d&#039;amplis jardins amb vista a la mar" />
<meta name="robots" content="index, follow, max-snippet:-1, max-image-preview:large, max-video-preview:-1" />
<link rel="canonical" href="https://turodelsol.com/ca/galeries/jardins-de-somni/" />
<meta property="og:locale" content="ca_ES" />
<meta property="og:type" content="article" />
<meta property="og:title" content="Jardins de somni | Galeria d&#039;Imatges | Turó del sol Barcelona" />
<meta property="og:description" content="Visita la nostra galeria de Jardins de somni, Restaurant noces Barcelona disposa d&#039;amplis jardins amb vista a la mar" />
<meta property="og:url" content="https://turodelsol.com/ca/galeries/jardins-de-somni/" />
<meta property="og:site_name" content="Turó del Sol" />
<meta property="article:publisher" content="https://es-es.facebook.com/turodelsol" />
<meta property="article:modified_time" content="2021-05-22T07:52:12+00:00" />
<meta name="twitter:card" content="summary_large_image" />
<meta name="twitter:label1" content="Temps estimat de lectura" />
	<meta name="twitter:data1" content="1 minut" />
<script type="application/ld+json" class="yoast-schema-graph">{"@context":"https://schema.org","@graph":[{"@type":"WebPage","@id":"https://turodelsol.com/ca/galeries/jardins-de-somni/","url":"https://turodelsol.com/ca/galeries/jardins-de-somni/","name":"Jardins de somni | Galeria d'Imatges | Turó del sol Barcelona","isPartOf":{"@id":"https://turodelsol.com/#website"},"datePublished":"2019-01-07T08:19:34+00:00","dateModified":"2021-05-22T07:52:12+00:00","description":"Visita la nostra galeria de Jardins de somni, Restaurant noces Barcelona disposa d'amplis jardins amb vista a la mar","breadcrumb":{"@id":"https://turodelsol.com/ca/galeries/jardins-de-somni/#breadcrumb"},"inLanguage":"ca","potentialAction":[{"@type":"ReadAction","target":["https://turodelsol.com/ca/galeries/jardins-de-somni/"]}]},{"@type":"BreadcrumbList","@id":"https://turodelsol.com/ca/galeries/jardins-de-somni/#breadcrumb","itemListElement":[{"@type":"ListItem","position":1,"name":"Portada","item":"https://turodelsol.com/ca/"},{"@type":"ListItem","position":2,"name":"Galeries","item":"https://turodelsol.com/ca/galeries/"},{"@type":"ListItem","position":3,"name":"Jardins de somni"}]},{"@type":"WebSite","@id":"https://turodelsol.com/#website","url":"https://turodelsol.com/","name":"Turó del Sol","description":"Restaurante para bodas Barcelona","publisher":{"@id":"https://turodelsol.com/#organization"},"potentialAction":[{"@type":"SearchAction","target":{"@type":"EntryPoint","urlTemplate":"https://turodelsol.com/?s={search_term_string}"},"query-input":"required name=search_term_string"}],"inLanguage":"ca"},{"@type":"Organization","@id":"https://turodelsol.com/#organization","name":"Restaurante Turó del Sol","url":"https://turodelsol.com/","logo":{"@type":"ImageObject","inLanguage":"ca","@id":"https://turodelsol.com/#/schema/logo/image/","url":"https://turodelsol.com/wp-content/uploads/2018/12/logo-turo-del-sol-web-2019-1.png","contentUrl":"https://turodelsol.com/wp-content/uploads/2018/12/logo-turo-del-sol-web-2019-1.png","width":214,"height":100,"caption":"Restaurante Turó del Sol"},"image":{"@id":"https://turodelsol.com/#/schema/logo/image/"},"sameAs":["https://www.instagram.com/turodelsol/","https://es-es.facebook.com/turodelsol"]}]}</script>
<!-- / Yoast SEO plugin. -->

Jardins de somni | Galeria d'Imatges | Turó del sol Barcelona

Turó del Sol

Restaurante Turó del Sol
