{"id":18315,"date":"2019-02-06T14:39:00","date_gmt":"2019-02-06T14:39:00","guid":{"rendered":"http:\/\/turodelsol.com\/galerias\/"},"modified":"2021-05-19T13:56:42","modified_gmt":"2021-05-19T13:56:42","slug":"galeries","status":"publish","type":"page","link":"https:\/\/turodelsol.com\/ca\/galeries\/","title":{"rendered":"Galeries"},"content":{"rendered":"<p>[vc_row css_animation=&#8221;&#8221; row_type=&#8221;row&#8221; use_row_as_full_screen_section=&#8221;no&#8221; type=&#8221;full_width&#8221; angled_section=&#8221;no&#8221; text_align=&#8221;left&#8221; background_image_as_pattern=&#8221;without_pattern&#8221;][vc_column][vc_separator type=&#8221;transparent&#8221; up=&#8221;40&#8243;][vc_column_text]<\/p>\n<h1 style=\"text-align: center;\">LES NOSTRES GALERIES<\/h1>\n<p>[\/vc_column_text][\/vc_column][\/vc_row][vc_row css_animation=&#8221;&#8221; row_type=&#8221;row&#8221; use_row_as_full_screen_section=&#8221;no&#8221; type=&#8221;grid&#8221; angled_section=&#8221;no&#8221; text_align=&#8221;center&#8221; background_image_as_pattern=&#8221;without_pattern&#8221; css=&#8221;.vc_custom_1548439041605{background-color: #ffffff !important;}&#8221; z_index=&#8221;&#8221;][vc_column][vc_separator type=&#8221;transparent&#8221; up=&#8221;40&#8243;][vc_column_text]<\/p>\n<h4 style=\"text-align: center;\">Relaxar-vos i gaudir d&#8217;un dia inoblidable en els seus rom\u00e0ntics jardins.<\/h4>\n<p>[\/vc_column_text][vc_separator type=&#8221;transparent&#8221; up=&#8221;40&#8243;][\/vc_column][\/vc_row]<\/p>\n","protected":false},"excerpt":{"rendered":"<p>[vc_row css_animation=&#8221;&#8221; row_type=&#8221;row&#8221; use_row_as_full_screen_section=&#8221;no&#8221; type=&#8221;full_width&#8221; angled_section=&#8221;no&#8221; text_align=&#8221;left&#8221; background_image_as_pattern=&#8221;without_pattern&#8221;][vc_column][vc_separator type=&#8221;transparent&#8221; up=&#8221;40&#8243;][vc_column_text] LES NOSTRES GALERIES [\/vc_column_text][\/vc_column][\/vc_row][vc_row css_animation=&#8221;&#8221; row_type=&#8221;row&#8221; use_row_as_full_screen_section=&#8221;no&#8221; type=&#8221;grid&#8221; angled_section=&#8221;no&#8221; text_align=&#8221;center&#8221; background_image_as_pattern=&#8221;without_pattern&#8221; css=&#8221;.vc_custom_1548439041605{background-color: #ffffff !important;}&#8221; z_index=&#8221;&#8221;][vc_column][vc_separator type=&#8221;transparent&#8221; up=&#8221;40&#8243;][vc_column_text] Relaxar-vos i gaudir d&#8217;un dia inoblidable en els seus rom\u00e0ntics jardins. [\/vc_column_text][vc_separator type=&#8221;transparent&#8221; up=&#8221;40&#8243;][\/vc_column][\/vc_row]<\/p>\n","protected":false},"author":1,"featured_media":0,"parent":0,"menu_order":0,"comment_status":"open","ping_status":"closed","template":"full_width.php","meta":{"_monsterinsights_skip_tracking":false,"_monsterinsights_sitenote_active":false,"_monsterinsights_sitenote_note":"","_monsterinsights_sitenote_category":0},"yoast_head":"<!-- This site is optimized with the Yoast SEO plugin v19.10 - https:\/\/yoast.com\/wordpress\/plugins\/seo\/ -->\n<title>Galeria de Fotos | Celebra les teves noces en Tur\u00f3 del Sol<\/title>\n<meta name=\"description\" content=\"Galeria d&#039;imatges del restaurant Tur\u00f3 del Sol Celebra les teves noces en aquest magn\u00edfic restaurant de Barcelona, amb amplis jardins i vistes a la mar\" \/>\n<meta name=\"robots\" content=\"noindex, follow\" \/>\n<meta property=\"og:locale\" content=\"ca_ES\" \/>\n<meta property=\"og:type\" content=\"article\" \/>\n<meta property=\"og:title\" content=\"Galeria de Fotos | Celebra les teves noces en Tur\u00f3 del Sol\" \/>\n<meta property=\"og:description\" content=\"Galeria d&#039;imatges del restaurant Tur\u00f3 del Sol Celebra les teves noces en aquest magn\u00edfic restaurant de Barcelona, amb amplis jardins i vistes a la mar\" \/>\n<meta property=\"og:url\" content=\"https:\/\/turodelsol.com\/ca\/galeries\/\" \/>\n<meta property=\"og:site_name\" content=\"Tur\u00f3 del Sol\" \/>\n<meta property=\"article:publisher\" content=\"https:\/\/es-es.facebook.com\/turodelsol\" \/>\n<meta property=\"article:modified_time\" content=\"2021-05-19T13:56:42+00:00\" \/>\n<meta name=\"twitter:card\" content=\"summary_large_image\" \/>\n<meta name=\"twitter:label1\" content=\"Temps estimat de lectura\" \/>\n\t<meta name=\"twitter:data1\" content=\"1 minut\" \/>\n<script type=\"application\/ld+json\" class=\"yoast-schema-graph\">{\"@context\":\"https:\/\/schema.org\",\"@graph\":[{\"@type\":\"WebPage\",\"@id\":\"https:\/\/turodelsol.com\/ca\/galeries\/\",\"url\":\"https:\/\/turodelsol.com\/ca\/galeries\/\",\"name\":\"Galeria de Fotos | Celebra les teves noces en Tur\u00f3 del Sol\",\"isPartOf\":{\"@id\":\"https:\/\/turodelsol.com\/#website\"},\"datePublished\":\"2019-02-06T14:39:00+00:00\",\"dateModified\":\"2021-05-19T13:56:42+00:00\",\"description\":\"Galeria d'imatges del restaurant Tur\u00f3 del Sol Celebra les teves noces en aquest magn\u00edfic restaurant de Barcelona, amb amplis jardins i vistes a la mar\",\"breadcrumb\":{\"@id\":\"https:\/\/turodelsol.com\/ca\/galeries\/#breadcrumb\"},\"inLanguage\":\"ca\",\"potentialAction\":[{\"@type\":\"ReadAction\",\"target\":[\"https:\/\/turodelsol.com\/ca\/galeries\/\"]}]},{\"@type\":\"BreadcrumbList\",\"@id\":\"https:\/\/turodelsol.com\/ca\/galeries\/#breadcrumb\",\"itemListElement\":[{\"@type\":\"ListItem\",\"position\":1,\"name\":\"Portada\",\"item\":\"https:\/\/turodelsol.com\/ca\/\"},{\"@type\":\"ListItem\",\"position\":2,\"name\":\"Galeries\"}]},{\"@type\":\"WebSite\",\"@id\":\"https:\/\/turodelsol.com\/#website\",\"url\":\"https:\/\/turodelsol.com\/\",\"name\":\"Tur\u00f3 del Sol\",\"description\":\"Restaurante para bodas Barcelona\",\"publisher\":{\"@id\":\"https:\/\/turodelsol.com\/#organization\"},\"potentialAction\":[{\"@type\":\"SearchAction\",\"target\":{\"@type\":\"EntryPoint\",\"urlTemplate\":\"https:\/\/turodelsol.com\/?s={search_term_string}\"},\"query-input\":\"required name=search_term_string\"}],\"inLanguage\":\"ca\"},{\"@type\":\"Organization\",\"@id\":\"https:\/\/turodelsol.com\/#organization\",\"name\":\"Restaurante Tur\u00f3 del Sol\",\"url\":\"https:\/\/turodelsol.com\/\",\"logo\":{\"@type\":\"ImageObject\",\"inLanguage\":\"ca\",\"@id\":\"https:\/\/turodelsol.com\/#\/schema\/logo\/image\/\",\"url\":\"https:\/\/turodelsol.com\/wp-content\/uploads\/2018\/12\/logo-turo-del-sol-web-2019-1.png\",\"contentUrl\":\"https:\/\/turodelsol.com\/wp-content\/uploads\/2018\/12\/logo-turo-del-sol-web-2019-1.png\",\"width\":214,\"height\":100,\"caption\":\"Restaurante Tur\u00f3 del Sol\"},\"image\":{\"@id\":\"https:\/\/turodelsol.com\/#\/schema\/logo\/image\/\"},\"sameAs\":[\"https:\/\/www.instagram.com\/turodelsol\/\",\"https:\/\/es-es.facebook.com\/turodelsol\"]}]}<\/script>\n<!-- \/ Yoast SEO plugin. -->","yoast_head_json":{"title":"Galeria de Fotos | Celebra les teves noces en Tur\u00f3 del Sol","description":"Galeria d'imatges del restaurant Tur\u00f3 del Sol Celebra les teves noces en aquest magn\u00edfic restaurant de Barcelona, amb amplis jardins i vistes a la mar","robots":{"index":"noindex","follow":"follow"},"og_locale":"ca_ES","og_type":"article","og_title":"Galeria de Fotos | Celebra les teves noces en Tur\u00f3 del Sol","og_description":"Galeria d'imatges del restaurant Tur\u00f3 del Sol Celebra les teves noces en aquest magn\u00edfic restaurant de Barcelona, amb amplis jardins i vistes a la mar","og_url":"https:\/\/turodelsol.com\/ca\/galeries\/","og_site_name":"Tur\u00f3 del Sol","article_publisher":"https:\/\/es-es.facebook.com\/turodelsol","article_modified_time":"2021-05-19T13:56:42+00:00","twitter_card":"summary_large_image","twitter_misc":{"Temps estimat de lectura":"1 minut"},"schema":{"@context":"https:\/\/schema.org","@graph":[{"@type":"WebPage","@id":"https:\/\/turodelsol.com\/ca\/galeries\/","url":"https:\/\/turodelsol.com\/ca\/galeries\/","name":"Galeria de Fotos | Celebra les teves noces en Tur\u00f3 del Sol","isPartOf":{"@id":"https:\/\/turodelsol.com\/#website"},"datePublished":"2019-02-06T14:39:00+00:00","dateModified":"2021-05-19T13:56:42+00:00","description":"Galeria d'imatges del restaurant Tur\u00f3 del Sol Celebra les teves noces en aquest magn\u00edfic restaurant de Barcelona, amb amplis jardins i vistes a la mar","breadcrumb":{"@id":"https:\/\/turodelsol.com\/ca\/galeries\/#breadcrumb"},"inLanguage":"ca","potentialAction":[{"@type":"ReadAction","target":["https:\/\/turodelsol.com\/ca\/galeries\/"]}]},{"@type":"BreadcrumbList","@id":"https:\/\/turodelsol.com\/ca\/galeries\/#breadcrumb","itemListElement":[{"@type":"ListItem","position":1,"name":"Portada","item":"https:\/\/turodelsol.com\/ca\/"},{"@type":"ListItem","position":2,"name":"Galeries"}]},{"@type":"WebSite","@id":"https:\/\/turodelsol.com\/#website","url":"https:\/\/turodelsol.com\/","name":"Tur\u00f3 del Sol","description":"Restaurante para bodas Barcelona","publisher":{"@id":"https:\/\/turodelsol.com\/#organization"},"potentialAction":[{"@type":"SearchAction","target":{"@type":"EntryPoint","urlTemplate":"https:\/\/turodelsol.com\/?s={search_term_string}"},"query-input":"required name=search_term_string"}],"inLanguage":"ca"},{"@type":"Organization","@id":"https:\/\/turodelsol.com\/#organization","name":"Restaurante Tur\u00f3 del Sol","url":"https:\/\/turodelsol.com\/","logo":{"@type":"ImageObject","inLanguage":"ca","@id":"https:\/\/turodelsol.com\/#\/schema\/logo\/image\/","url":"https:\/\/turodelsol.com\/wp-content\/uploads\/2018\/12\/logo-turo-del-sol-web-2019-1.png","contentUrl":"https:\/\/turodelsol.com\/wp-content\/uploads\/2018\/12\/logo-turo-del-sol-web-2019-1.png","width":214,"height":100,"caption":"Restaurante Tur\u00f3 del Sol"},"image":{"@id":"https:\/\/turodelsol.com\/#\/schema\/logo\/image\/"},"sameAs":["https:\/\/www.instagram.com\/turodelsol\/","https:\/\/es-es.facebook.com\/turodelsol"]}]}},"_links":{"self":[{"href":"https:\/\/turodelsol.com\/ca\/wp-json\/wp\/v2\/pages\/18315"}],"collection":[{"href":"https:\/\/turodelsol.com\/ca\/wp-json\/wp\/v2\/pages"}],"about":[{"href":"https:\/\/turodelsol.com\/ca\/wp-json\/wp\/v2\/types\/page"}],"author":[{"embeddable":true,"href":"https:\/\/turodelsol.com\/ca\/wp-json\/wp\/v2\/users\/1"}],"replies":[{"embeddable":true,"href":"https:\/\/turodelsol.com\/ca\/wp-json\/wp\/v2\/comments?post=18315"}],"version-history":[{"count":3,"href":"https:\/\/turodelsol.com\/ca\/wp-json\/wp\/v2\/pages\/18315\/revisions"}],"predecessor-version":[{"id":18615,"href":"https:\/\/turodelsol.com\/ca\/wp-json\/wp\/v2\/pages\/18315\/revisions\/18615"}],"wp:attachment":[{"href":"https:\/\/turodelsol.com\/ca\/wp-json\/wp\/v2\/media?parent=18315"}],"curies":[{"name":"wp","href":"https:\/\/api.w.org\/{rel}","templated":true}]}}

<p>[vc_row css_animation=&#8221;&#8221; row_type=&#8221;row&#8221; use_row_as_full_screen_section=&#8221;no&#8221; type=&#8221;full_width&#8221; angled_section=&#8221;no&#8221; text_align=&#8221;left&#8221; background_image_as_pattern=&#8221;without_pattern&#8221;][vc_column][vc_separator type=&#8221;transparent&#8221; up=&#8221;40&#8243;][vc_column_text]</p>
<h1 style="text-align: center;">LES NOSTRES GALERIES</h1>
<p>[/vc_column_text][/vc_column][/vc_row][vc_row css_animation=&#8221;&#8221; row_type=&#8221;row&#8221; use_row_as_full_screen_section=&#8221;no&#8221; type=&#8221;grid&#8221; angled_section=&#8221;no&#8221; text_align=&#8221;center&#8221; background_image_as_pattern=&#8221;without_pattern&#8221; css=&#8221;.vc_custom_1548439041605{background-color: #ffffff !important;}&#8221; z_index=&#8221;&#8221;][vc_column][vc_separator type=&#8221;transparent&#8221; up=&#8221;40&#8243;][vc_column_text]</p>
<h4 style="text-align: center;">Relaxar-vos i gaudir d&#8217;un dia inoblidable en els seus romàntics jardins.</h4>
<p>[/vc_column_text][vc_separator type=&#8221;transparent&#8221; up=&#8221;40&#8243;][/vc_column][/vc_row]</p>

<p>[vc_row css_animation=&#8221;&#8221; row_type=&#8221;row&#8221; use_row_as_full_screen_section=&#8221;no&#8221; type=&#8221;full_width&#8221; angled_section=&#8221;no&#8221; text_align=&#8221;left&#8221; background_image_as_pattern=&#8221;without_pattern&#8221;][vc_column][vc_separator type=&#8221;transparent&#8221; up=&#8221;40&#8243;][vc_column_text] LES NOSTRES GALERIES [/vc_column_text][/vc_column][/vc_row][vc_row css_animation=&#8221;&#8221; row_type=&#8221;row&#8221; use_row_as_full_screen_section=&#8221;no&#8221; type=&#8221;grid&#8221; angled_section=&#8221;no&#8221; text_align=&#8221;center&#8221; background_image_as_pattern=&#8221;without_pattern&#8221; css=&#8221;.vc_custom_1548439041605{background-color: #ffffff !important;}&#8221; z_index=&#8221;&#8221;][vc_column][vc_separator type=&#8221;transparent&#8221; up=&#8221;40&#8243;][vc_column_text] Relaxar-vos i gaudir d&#8217;un dia inoblidable en els seus romàntics jardins. [/vc_column_text][vc_separator type=&#8221;transparent&#8221; up=&#8221;40&#8243;][/vc_column][/vc_row]</p>

<!-- This site is optimized with the Yoast SEO plugin v19.10 - https://yoast.com/wordpress/plugins/seo/ -->
<title>Galeria de Fotos | Celebra les teves noces en Turó del Sol</title>
<meta name="description" content="Galeria d&#039;imatges del restaurant Turó del Sol Celebra les teves noces en aquest magnífic restaurant de Barcelona, amb amplis jardins i vistes a la mar" />
<meta name="robots" content="noindex, follow" />
<meta property="og:locale" content="ca_ES" />
<meta property="og:type" content="article" />
<meta property="og:title" content="Galeria de Fotos | Celebra les teves noces en Turó del Sol" />
<meta property="og:description" content="Galeria d&#039;imatges del restaurant Turó del Sol Celebra les teves noces en aquest magnífic restaurant de Barcelona, amb amplis jardins i vistes a la mar" />
<meta property="og:url" content="https://turodelsol.com/ca/galeries/" />
<meta property="og:site_name" content="Turó del Sol" />
<meta property="article:publisher" content="https://es-es.facebook.com/turodelsol" />
<meta property="article:modified_time" content="2021-05-19T13:56:42+00:00" />
<meta name="twitter:card" content="summary_large_image" />
<meta name="twitter:label1" content="Temps estimat de lectura" />
	<meta name="twitter:data1" content="1 minut" />
<script type="application/ld+json" class="yoast-schema-graph">{"@context":"https://schema.org","@graph":[{"@type":"WebPage","@id":"https://turodelsol.com/ca/galeries/","url":"https://turodelsol.com/ca/galeries/","name":"Galeria de Fotos | Celebra les teves noces en Turó del Sol","isPartOf":{"@id":"https://turodelsol.com/#website"},"datePublished":"2019-02-06T14:39:00+00:00","dateModified":"2021-05-19T13:56:42+00:00","description":"Galeria d'imatges del restaurant Turó del Sol Celebra les teves noces en aquest magnífic restaurant de Barcelona, amb amplis jardins i vistes a la mar","breadcrumb":{"@id":"https://turodelsol.com/ca/galeries/#breadcrumb"},"inLanguage":"ca","potentialAction":[{"@type":"ReadAction","target":["https://turodelsol.com/ca/galeries/"]}]},{"@type":"BreadcrumbList","@id":"https://turodelsol.com/ca/galeries/#breadcrumb","itemListElement":[{"@type":"ListItem","position":1,"name":"Portada","item":"https://turodelsol.com/ca/"},{"@type":"ListItem","position":2,"name":"Galeries"}]},{"@type":"WebSite","@id":"https://turodelsol.com/#website","url":"https://turodelsol.com/","name":"Turó del Sol","description":"Restaurante para bodas Barcelona","publisher":{"@id":"https://turodelsol.com/#organization"},"potentialAction":[{"@type":"SearchAction","target":{"@type":"EntryPoint","urlTemplate":"https://turodelsol.com/?s={search_term_string}"},"query-input":"required name=search_term_string"}],"inLanguage":"ca"},{"@type":"Organization","@id":"https://turodelsol.com/#organization","name":"Restaurante Turó del Sol","url":"https://turodelsol.com/","logo":{"@type":"ImageObject","inLanguage":"ca","@id":"https://turodelsol.com/#/schema/logo/image/","url":"https://turodelsol.com/wp-content/uploads/2018/12/logo-turo-del-sol-web-2019-1.png","contentUrl":"https://turodelsol.com/wp-content/uploads/2018/12/logo-turo-del-sol-web-2019-1.png","width":214,"height":100,"caption":"Restaurante Turó del Sol"},"image":{"@id":"https://turodelsol.com/#/schema/logo/image/"},"sameAs":["https://www.instagram.com/turodelsol/","https://es-es.facebook.com/turodelsol"]}]}</script>
<!-- / Yoast SEO plugin. -->

Galeria de Fotos | Celebra les teves noces en Turó del Sol

Galeria d'imatges del restaurant Turó del Sol Celebra les teves noces en aquest magnífic restaurant de Barcelona, amb amplis jardins i vistes a la mar

Turó del Sol

Restaurante Turó del Sol
