{"id":18309,"date":"2019-01-27T20:19:36","date_gmt":"2019-01-27T20:19:36","guid":{"rendered":"http:\/\/turodelsol.com\/qui-som\/experiencia\/"},"modified":"2021-05-22T08:14:14","modified_gmt":"2021-05-22T08:14:14","slug":"la-nostra-experiencia","status":"publish","type":"page","link":"https:\/\/turodelsol.com\/ca\/qui-som\/la-nostra-experiencia\/","title":{"rendered":"La nostra experi\u00e8ncia"},"content":{"rendered":"<p>[vc_row css_animation=&#8221;&#8221; row_type=&#8221;row&#8221; use_row_as_full_screen_section=&#8221;no&#8221; type=&#8221;grid&#8221; angled_section=&#8221;no&#8221; text_align=&#8221;left&#8221; background_image_as_pattern=&#8221;without_pattern&#8221; padding_bottom=&#8221;90&#8243; z_index=&#8221;&#8221;][vc_column width=&#8221;1\/2&#8243;][vc_separator type=&#8221;transparent&#8221; up=&#8221;60&#8243; down=&#8221;0&#8243;][vc_single_image image=&#8221;17687&#8243; img_size=&#8221;full&#8221; qode_css_animation=&#8221;&#8221;][\/vc_column][vc_column width=&#8221;1\/2&#8243;][vc_separator type=&#8221;transparent&#8221; up=&#8221;80&#8243; down=&#8221;0&#8243;][vc_column_text]<\/p>\n<h2 style=\"text-align: left;\">La nostra experi\u00e8ncia<\/h2>\n<p>[\/vc_column_text][vc_separator type=&#8221;transparent&#8221; up=&#8221;23&#8243; down=&#8221;0&#8243;][vc_column_text]Confiar en l&#8217;experi\u00e8ncia del nostre equip que us guiar\u00e0 en tot moment i gaudir d&#8217;un dia inoblidable, despr\u00e9s de m\u00e9s de 20 anys dedicant-nos en exclusiva a la celebraci\u00f3 de noces som especialistes i la nostra motivaci\u00f3 \u00e9s superar-nos dia a dia.<\/p>\n<p>&nbsp;<\/p>\n<p>El nostre \u00e9s un equip flexible als suggeriments dels nostres nuvis, jove, per\u00f2 amb molta experi\u00e8ncia adquirida al llarg de tots aquests anys que sent passi\u00f3 pel que fa i est\u00e0 atent a la din\u00e0mica del casament i els seus moments \u00fanics perqu\u00e8 aquest sigui un dia perfecte.[\/vc_column_text][\/vc_column][\/vc_row][vc_row css_animation=&#8221;&#8221; row_type=&#8221;row&#8221; use_row_as_full_screen_section=&#8221;no&#8221; type=&#8221;full_width&#8221; angled_section=&#8221;no&#8221; text_align=&#8221;left&#8221; background_image_as_pattern=&#8221;without_pattern&#8221;][vc_column][vc_separator type=&#8221;transparent&#8221; up=&#8221;20&#8243; down=&#8221;30&#8243;][\/vc_column][\/vc_row][vc_row css_animation=&#8221;&#8221; row_type=&#8221;row&#8221; use_row_as_full_screen_section=&#8221;no&#8221; type=&#8221;full_width&#8221; angled_section=&#8221;no&#8221; text_align=&#8221;left&#8221; background_image_as_pattern=&#8221;without_pattern&#8221;][vc_column][vc_column_text]<\/p>\n<h3 style=\"text-align: center;\">Premis Tur\u00f3 del Sol<\/h3>\n<p>[\/vc_column_text][vc_separator type=&#8221;small&#8221; position=&#8221;center&#8221;][\/vc_column][\/vc_row][vc_row css_animation=&#8221;&#8221; row_type=&#8221;row&#8221; use_row_as_full_screen_section=&#8221;no&#8221; type=&#8221;grid&#8221; angled_section=&#8221;no&#8221; text_align=&#8221;left&#8221; background_image_as_pattern=&#8221;without_pattern&#8221; z_index=&#8221;&#8221;][vc_column width=&#8221;1\/4&#8243;][vc_single_image image=&#8221;16337&#8243; qode_css_animation=&#8221;&#8221;][\/vc_column][vc_column width=&#8221;1\/4&#8243;][vc_single_image image=&#8221;16340&#8243; qode_css_animation=&#8221;&#8221;][\/vc_column][vc_column width=&#8221;1\/4&#8243;][vc_single_image image=&#8221;16339&#8243; qode_css_animation=&#8221;&#8221;][\/vc_column][vc_column width=&#8221;1\/4&#8243;][vc_single_image image=&#8221;16338&#8243; qode_css_animation=&#8221;&#8221;][\/vc_column][\/vc_row][vc_row css_animation=&#8221;&#8221; row_type=&#8221;row&#8221; use_row_as_full_screen_section=&#8221;no&#8221; type=&#8221;full_width&#8221; angled_section=&#8221;no&#8221; text_align=&#8221;left&#8221; background_image_as_pattern=&#8221;without_pattern&#8221;][vc_column][vc_separator type=&#8221;transparent&#8221; down=&#8221;50&#8243;][\/vc_column][\/vc_row]<\/p>\n","protected":false},"excerpt":{"rendered":"<p>[vc_row css_animation=&#8221;&#8221; row_type=&#8221;row&#8221; use_row_as_full_screen_section=&#8221;no&#8221; type=&#8221;grid&#8221; angled_section=&#8221;no&#8221; text_align=&#8221;left&#8221; background_image_as_pattern=&#8221;without_pattern&#8221; padding_bottom=&#8221;90&#8243; z_index=&#8221;&#8221;][vc_column width=&#8221;1\/2&#8243;][vc_separator type=&#8221;transparent&#8221; up=&#8221;60&#8243; down=&#8221;0&#8243;][vc_single_image image=&#8221;17687&#8243; img_size=&#8221;full&#8221; qode_css_animation=&#8221;&#8221;][\/vc_column][vc_column width=&#8221;1\/2&#8243;][vc_separator type=&#8221;transparent&#8221; up=&#8221;80&#8243; down=&#8221;0&#8243;][vc_column_text] La nostra experi\u00e8ncia [\/vc_column_text][vc_separator type=&#8221;transparent&#8221; up=&#8221;23&#8243; down=&#8221;0&#8243;][vc_column_text]Confiar en l&#8217;experi\u00e8ncia del nostre equip que us guiar\u00e0 en tot moment i gaudir d&#8217;un dia inoblidable, despr\u00e9s&#8230;<\/p>\n","protected":false},"author":1,"featured_media":0,"parent":18303,"menu_order":0,"comment_status":"open","ping_status":"closed","template":"full_width.php","meta":{"_monsterinsights_skip_tracking":false,"_monsterinsights_sitenote_active":false,"_monsterinsights_sitenote_note":"","_monsterinsights_sitenote_category":0},"yoast_head":"<!-- This site is optimized with the Yoast SEO plugin v19.10 - https:\/\/yoast.com\/wordpress\/plugins\/seo\/ -->\n<title>Celebra les teves noces en Tur\u00f3 del Sol | Noces Barcelona | Experi\u00e8ncia<\/title>\n<meta name=\"description\" content=\"L&#039;experi\u00e8ncia de l&#039;equip de Tur\u00f3 del sol, celebra les teves noces a Barcelona, en Tur\u00f3 del Sol podr\u00e0s tenir les teves noces a l&#039;aire lliure\" \/>\n<meta name=\"robots\" content=\"index, follow, max-snippet:-1, max-image-preview:large, max-video-preview:-1\" \/>\n<link rel=\"canonical\" href=\"https:\/\/turodelsol.com\/ca\/qui-som\/la-nostra-experiencia\/\" \/>\n<meta property=\"og:locale\" content=\"ca_ES\" \/>\n<meta property=\"og:type\" content=\"article\" \/>\n<meta property=\"og:title\" content=\"Celebra les teves noces en Tur\u00f3 del Sol | Noces Barcelona | Experi\u00e8ncia\" \/>\n<meta property=\"og:description\" content=\"L&#039;experi\u00e8ncia de l&#039;equip de Tur\u00f3 del sol, celebra les teves noces a Barcelona, en Tur\u00f3 del Sol podr\u00e0s tenir les teves noces a l&#039;aire lliure\" \/>\n<meta property=\"og:url\" content=\"https:\/\/turodelsol.com\/ca\/qui-som\/la-nostra-experiencia\/\" \/>\n<meta property=\"og:site_name\" content=\"Tur\u00f3 del Sol\" \/>\n<meta property=\"article:publisher\" content=\"https:\/\/es-es.facebook.com\/turodelsol\" \/>\n<meta property=\"article:modified_time\" content=\"2021-05-22T08:14:14+00:00\" \/>\n<meta name=\"twitter:card\" content=\"summary_large_image\" \/>\n<meta name=\"twitter:label1\" content=\"Temps estimat de lectura\" \/>\n\t<meta name=\"twitter:data1\" content=\"2 minuts\" \/>\n<script type=\"application\/ld+json\" class=\"yoast-schema-graph\">{\"@context\":\"https:\/\/schema.org\",\"@graph\":[{\"@type\":\"WebPage\",\"@id\":\"https:\/\/turodelsol.com\/ca\/qui-som\/la-nostra-experiencia\/\",\"url\":\"https:\/\/turodelsol.com\/ca\/qui-som\/la-nostra-experiencia\/\",\"name\":\"Celebra les teves noces en Tur\u00f3 del Sol | Noces Barcelona | Experi\u00e8ncia\",\"isPartOf\":{\"@id\":\"https:\/\/turodelsol.com\/#website\"},\"datePublished\":\"2019-01-27T20:19:36+00:00\",\"dateModified\":\"2021-05-22T08:14:14+00:00\",\"description\":\"L'experi\u00e8ncia de l'equip de Tur\u00f3 del sol, celebra les teves noces a Barcelona, en Tur\u00f3 del Sol podr\u00e0s tenir les teves noces a l'aire lliure\",\"breadcrumb\":{\"@id\":\"https:\/\/turodelsol.com\/ca\/qui-som\/la-nostra-experiencia\/#breadcrumb\"},\"inLanguage\":\"ca\",\"potentialAction\":[{\"@type\":\"ReadAction\",\"target\":[\"https:\/\/turodelsol.com\/ca\/qui-som\/la-nostra-experiencia\/\"]}]},{\"@type\":\"BreadcrumbList\",\"@id\":\"https:\/\/turodelsol.com\/ca\/qui-som\/la-nostra-experiencia\/#breadcrumb\",\"itemListElement\":[{\"@type\":\"ListItem\",\"position\":1,\"name\":\"Portada\",\"item\":\"https:\/\/turodelsol.com\/ca\/\"},{\"@type\":\"ListItem\",\"position\":2,\"name\":\"Qui som\",\"item\":\"https:\/\/turodelsol.com\/ca\/qui-som\/\"},{\"@type\":\"ListItem\",\"position\":3,\"name\":\"La nostra experi\u00e8ncia\"}]},{\"@type\":\"WebSite\",\"@id\":\"https:\/\/turodelsol.com\/#website\",\"url\":\"https:\/\/turodelsol.com\/\",\"name\":\"Tur\u00f3 del Sol\",\"description\":\"Restaurante para bodas Barcelona\",\"publisher\":{\"@id\":\"https:\/\/turodelsol.com\/#organization\"},\"potentialAction\":[{\"@type\":\"SearchAction\",\"target\":{\"@type\":\"EntryPoint\",\"urlTemplate\":\"https:\/\/turodelsol.com\/?s={search_term_string}\"},\"query-input\":\"required name=search_term_string\"}],\"inLanguage\":\"ca\"},{\"@type\":\"Organization\",\"@id\":\"https:\/\/turodelsol.com\/#organization\",\"name\":\"Restaurante Tur\u00f3 del Sol\",\"url\":\"https:\/\/turodelsol.com\/\",\"logo\":{\"@type\":\"ImageObject\",\"inLanguage\":\"ca\",\"@id\":\"https:\/\/turodelsol.com\/#\/schema\/logo\/image\/\",\"url\":\"https:\/\/turodelsol.com\/wp-content\/uploads\/2018\/12\/logo-turo-del-sol-web-2019-1.png\",\"contentUrl\":\"https:\/\/turodelsol.com\/wp-content\/uploads\/2018\/12\/logo-turo-del-sol-web-2019-1.png\",\"width\":214,\"height\":100,\"caption\":\"Restaurante Tur\u00f3 del Sol\"},\"image\":{\"@id\":\"https:\/\/turodelsol.com\/#\/schema\/logo\/image\/\"},\"sameAs\":[\"https:\/\/www.instagram.com\/turodelsol\/\",\"https:\/\/es-es.facebook.com\/turodelsol\"]}]}<\/script>\n<!-- \/ Yoast SEO plugin. -->","yoast_head_json":{"title":"Celebra les teves noces en Tur\u00f3 del Sol | Noces Barcelona | Experi\u00e8ncia","description":"L'experi\u00e8ncia de l'equip de Tur\u00f3 del sol, celebra les teves noces a Barcelona, en Tur\u00f3 del Sol podr\u00e0s tenir les teves noces a l'aire lliure","robots":{"index":"index","follow":"follow","max-snippet":"max-snippet:-1","max-image-preview":"max-image-preview:large","max-video-preview":"max-video-preview:-1"},"canonical":"https:\/\/turodelsol.com\/ca\/qui-som\/la-nostra-experiencia\/","og_locale":"ca_ES","og_type":"article","og_title":"Celebra les teves noces en Tur\u00f3 del Sol | Noces Barcelona | Experi\u00e8ncia","og_description":"L'experi\u00e8ncia de l'equip de Tur\u00f3 del sol, celebra les teves noces a Barcelona, en Tur\u00f3 del Sol podr\u00e0s tenir les teves noces a l'aire lliure","og_url":"https:\/\/turodelsol.com\/ca\/qui-som\/la-nostra-experiencia\/","og_site_name":"Tur\u00f3 del Sol","article_publisher":"https:\/\/es-es.facebook.com\/turodelsol","article_modified_time":"2021-05-22T08:14:14+00:00","twitter_card":"summary_large_image","twitter_misc":{"Temps estimat de lectura":"2 minuts"},"schema":{"@context":"https:\/\/schema.org","@graph":[{"@type":"WebPage","@id":"https:\/\/turodelsol.com\/ca\/qui-som\/la-nostra-experiencia\/","url":"https:\/\/turodelsol.com\/ca\/qui-som\/la-nostra-experiencia\/","name":"Celebra les teves noces en Tur\u00f3 del Sol | Noces Barcelona | Experi\u00e8ncia","isPartOf":{"@id":"https:\/\/turodelsol.com\/#website"},"datePublished":"2019-01-27T20:19:36+00:00","dateModified":"2021-05-22T08:14:14+00:00","description":"L'experi\u00e8ncia de l'equip de Tur\u00f3 del sol, celebra les teves noces a Barcelona, en Tur\u00f3 del Sol podr\u00e0s tenir les teves noces a l'aire lliure","breadcrumb":{"@id":"https:\/\/turodelsol.com\/ca\/qui-som\/la-nostra-experiencia\/#breadcrumb"},"inLanguage":"ca","potentialAction":[{"@type":"ReadAction","target":["https:\/\/turodelsol.com\/ca\/qui-som\/la-nostra-experiencia\/"]}]},{"@type":"BreadcrumbList","@id":"https:\/\/turodelsol.com\/ca\/qui-som\/la-nostra-experiencia\/#breadcrumb","itemListElement":[{"@type":"ListItem","position":1,"name":"Portada","item":"https:\/\/turodelsol.com\/ca\/"},{"@type":"ListItem","position":2,"name":"Qui som","item":"https:\/\/turodelsol.com\/ca\/qui-som\/"},{"@type":"ListItem","position":3,"name":"La nostra experi\u00e8ncia"}]},{"@type":"WebSite","@id":"https:\/\/turodelsol.com\/#website","url":"https:\/\/turodelsol.com\/","name":"Tur\u00f3 del Sol","description":"Restaurante para bodas Barcelona","publisher":{"@id":"https:\/\/turodelsol.com\/#organization"},"potentialAction":[{"@type":"SearchAction","target":{"@type":"EntryPoint","urlTemplate":"https:\/\/turodelsol.com\/?s={search_term_string}"},"query-input":"required name=search_term_string"}],"inLanguage":"ca"},{"@type":"Organization","@id":"https:\/\/turodelsol.com\/#organization","name":"Restaurante Tur\u00f3 del Sol","url":"https:\/\/turodelsol.com\/","logo":{"@type":"ImageObject","inLanguage":"ca","@id":"https:\/\/turodelsol.com\/#\/schema\/logo\/image\/","url":"https:\/\/turodelsol.com\/wp-content\/uploads\/2018\/12\/logo-turo-del-sol-web-2019-1.png","contentUrl":"https:\/\/turodelsol.com\/wp-content\/uploads\/2018\/12\/logo-turo-del-sol-web-2019-1.png","width":214,"height":100,"caption":"Restaurante Tur\u00f3 del Sol"},"image":{"@id":"https:\/\/turodelsol.com\/#\/schema\/logo\/image\/"},"sameAs":["https:\/\/www.instagram.com\/turodelsol\/","https:\/\/es-es.facebook.com\/turodelsol"]}]}},"_links":{"self":[{"href":"https:\/\/turodelsol.com\/ca\/wp-json\/wp\/v2\/pages\/18309"}],"collection":[{"href":"https:\/\/turodelsol.com\/ca\/wp-json\/wp\/v2\/pages"}],"about":[{"href":"https:\/\/turodelsol.com\/ca\/wp-json\/wp\/v2\/types\/page"}],"author":[{"embeddable":true,"href":"https:\/\/turodelsol.com\/ca\/wp-json\/wp\/v2\/users\/1"}],"replies":[{"embeddable":true,"href":"https:\/\/turodelsol.com\/ca\/wp-json\/wp\/v2\/comments?post=18309"}],"version-history":[{"count":4,"href":"https:\/\/turodelsol.com\/ca\/wp-json\/wp\/v2\/pages\/18309\/revisions"}],"predecessor-version":[{"id":18628,"href":"https:\/\/turodelsol.com\/ca\/wp-json\/wp\/v2\/pages\/18309\/revisions\/18628"}],"up":[{"embeddable":true,"href":"https:\/\/turodelsol.com\/ca\/wp-json\/wp\/v2\/pages\/18303"}],"wp:attachment":[{"href":"https:\/\/turodelsol.com\/ca\/wp-json\/wp\/v2\/media?parent=18309"}],"curies":[{"name":"wp","href":"https:\/\/api.w.org\/{rel}","templated":true}]}}

La nostra experiència

<p>[vc_row css_animation=&#8221;&#8221; row_type=&#8221;row&#8221; use_row_as_full_screen_section=&#8221;no&#8221; type=&#8221;grid&#8221; angled_section=&#8221;no&#8221; text_align=&#8221;left&#8221; background_image_as_pattern=&#8221;without_pattern&#8221; padding_bottom=&#8221;90&#8243; z_index=&#8221;&#8221;][vc_column width=&#8221;1/2&#8243;][vc_separator type=&#8221;transparent&#8221; up=&#8221;60&#8243; down=&#8221;0&#8243;][vc_single_image image=&#8221;17687&#8243; img_size=&#8221;full&#8221; qode_css_animation=&#8221;&#8221;][/vc_column][vc_column width=&#8221;1/2&#8243;][vc_separator type=&#8221;transparent&#8221; up=&#8221;80&#8243; down=&#8221;0&#8243;][vc_column_text]</p>
<h2 style="text-align: left;">La nostra experiència</h2>
<p>[/vc_column_text][vc_separator type=&#8221;transparent&#8221; up=&#8221;23&#8243; down=&#8221;0&#8243;][vc_column_text]Confiar en l&#8217;experiència del nostre equip que us guiarà en tot moment i gaudir d&#8217;un dia inoblidable, després de més de 20 anys dedicant-nos en exclusiva a la celebració de noces som especialistes i la nostra motivació és superar-nos dia a dia.</p>
<p>&nbsp;</p>
<p>El nostre és un equip flexible als suggeriments dels nostres nuvis, jove, però amb molta experiència adquirida al llarg de tots aquests anys que sent passió pel que fa i està atent a la dinàmica del casament i els seus moments únics perquè aquest sigui un dia perfecte.[/vc_column_text][/vc_column][/vc_row][vc_row css_animation=&#8221;&#8221; row_type=&#8221;row&#8221; use_row_as_full_screen_section=&#8221;no&#8221; type=&#8221;full_width&#8221; angled_section=&#8221;no&#8221; text_align=&#8221;left&#8221; background_image_as_pattern=&#8221;without_pattern&#8221;][vc_column][vc_separator type=&#8221;transparent&#8221; up=&#8221;20&#8243; down=&#8221;30&#8243;][/vc_column][/vc_row][vc_row css_animation=&#8221;&#8221; row_type=&#8221;row&#8221; use_row_as_full_screen_section=&#8221;no&#8221; type=&#8221;full_width&#8221; angled_section=&#8221;no&#8221; text_align=&#8221;left&#8221; background_image_as_pattern=&#8221;without_pattern&#8221;][vc_column][vc_column_text]</p>
<h3 style="text-align: center;">Premis Turó del Sol</h3>
<p>[/vc_column_text][vc_separator type=&#8221;small&#8221; position=&#8221;center&#8221;][/vc_column][/vc_row][vc_row css_animation=&#8221;&#8221; row_type=&#8221;row&#8221; use_row_as_full_screen_section=&#8221;no&#8221; type=&#8221;grid&#8221; angled_section=&#8221;no&#8221; text_align=&#8221;left&#8221; background_image_as_pattern=&#8221;without_pattern&#8221; z_index=&#8221;&#8221;][vc_column width=&#8221;1/4&#8243;][vc_single_image image=&#8221;16337&#8243; qode_css_animation=&#8221;&#8221;][/vc_column][vc_column width=&#8221;1/4&#8243;][vc_single_image image=&#8221;16340&#8243; qode_css_animation=&#8221;&#8221;][/vc_column][vc_column width=&#8221;1/4&#8243;][vc_single_image image=&#8221;16339&#8243; qode_css_animation=&#8221;&#8221;][/vc_column][vc_column width=&#8221;1/4&#8243;][vc_single_image image=&#8221;16338&#8243; qode_css_animation=&#8221;&#8221;][/vc_column][/vc_row][vc_row css_animation=&#8221;&#8221; row_type=&#8221;row&#8221; use_row_as_full_screen_section=&#8221;no&#8221; type=&#8221;full_width&#8221; angled_section=&#8221;no&#8221; text_align=&#8221;left&#8221; background_image_as_pattern=&#8221;without_pattern&#8221;][vc_column][vc_separator type=&#8221;transparent&#8221; down=&#8221;50&#8243;][/vc_column][/vc_row]</p>

<p>[vc_row css_animation=&#8221;&#8221; row_type=&#8221;row&#8221; use_row_as_full_screen_section=&#8221;no&#8221; type=&#8221;grid&#8221; angled_section=&#8221;no&#8221; text_align=&#8221;left&#8221; background_image_as_pattern=&#8221;without_pattern&#8221; padding_bottom=&#8221;90&#8243; z_index=&#8221;&#8221;][vc_column width=&#8221;1/2&#8243;][vc_separator type=&#8221;transparent&#8221; up=&#8221;60&#8243; down=&#8221;0&#8243;][vc_single_image image=&#8221;17687&#8243; img_size=&#8221;full&#8221; qode_css_animation=&#8221;&#8221;][/vc_column][vc_column width=&#8221;1/2&#8243;][vc_separator type=&#8221;transparent&#8221; up=&#8221;80&#8243; down=&#8221;0&#8243;][vc_column_text] La nostra experiència [/vc_column_text][vc_separator type=&#8221;transparent&#8221; up=&#8221;23&#8243; down=&#8221;0&#8243;][vc_column_text]Confiar en l&#8217;experiència del nostre equip que us guiarà en tot moment i gaudir d&#8217;un dia inoblidable, després&#8230;</p>

<!-- This site is optimized with the Yoast SEO plugin v19.10 - https://yoast.com/wordpress/plugins/seo/ -->
<title>Celebra les teves noces en Turó del Sol | Noces Barcelona | Experiència</title>
<meta name="description" content="L&#039;experiència de l&#039;equip de Turó del sol, celebra les teves noces a Barcelona, en Turó del Sol podràs tenir les teves noces a l&#039;aire lliure" />
<meta name="robots" content="index, follow, max-snippet:-1, max-image-preview:large, max-video-preview:-1" />
<link rel="canonical" href="https://turodelsol.com/ca/qui-som/la-nostra-experiencia/" />
<meta property="og:locale" content="ca_ES" />
<meta property="og:type" content="article" />
<meta property="og:title" content="Celebra les teves noces en Turó del Sol | Noces Barcelona | Experiència" />
<meta property="og:description" content="L&#039;experiència de l&#039;equip de Turó del sol, celebra les teves noces a Barcelona, en Turó del Sol podràs tenir les teves noces a l&#039;aire lliure" />
<meta property="og:url" content="https://turodelsol.com/ca/qui-som/la-nostra-experiencia/" />
<meta property="og:site_name" content="Turó del Sol" />
<meta property="article:publisher" content="https://es-es.facebook.com/turodelsol" />
<meta property="article:modified_time" content="2021-05-22T08:14:14+00:00" />
<meta name="twitter:card" content="summary_large_image" />
<meta name="twitter:label1" content="Temps estimat de lectura" />
	<meta name="twitter:data1" content="2 minuts" />
<script type="application/ld+json" class="yoast-schema-graph">{"@context":"https://schema.org","@graph":[{"@type":"WebPage","@id":"https://turodelsol.com/ca/qui-som/la-nostra-experiencia/","url":"https://turodelsol.com/ca/qui-som/la-nostra-experiencia/","name":"Celebra les teves noces en Turó del Sol | Noces Barcelona | Experiència","isPartOf":{"@id":"https://turodelsol.com/#website"},"datePublished":"2019-01-27T20:19:36+00:00","dateModified":"2021-05-22T08:14:14+00:00","description":"L'experiència de l'equip de Turó del sol, celebra les teves noces a Barcelona, en Turó del Sol podràs tenir les teves noces a l'aire lliure","breadcrumb":{"@id":"https://turodelsol.com/ca/qui-som/la-nostra-experiencia/#breadcrumb"},"inLanguage":"ca","potentialAction":[{"@type":"ReadAction","target":["https://turodelsol.com/ca/qui-som/la-nostra-experiencia/"]}]},{"@type":"BreadcrumbList","@id":"https://turodelsol.com/ca/qui-som/la-nostra-experiencia/#breadcrumb","itemListElement":[{"@type":"ListItem","position":1,"name":"Portada","item":"https://turodelsol.com/ca/"},{"@type":"ListItem","position":2,"name":"Qui som","item":"https://turodelsol.com/ca/qui-som/"},{"@type":"ListItem","position":3,"name":"La nostra experiència"}]},{"@type":"WebSite","@id":"https://turodelsol.com/#website","url":"https://turodelsol.com/","name":"Turó del Sol","description":"Restaurante para bodas Barcelona","publisher":{"@id":"https://turodelsol.com/#organization"},"potentialAction":[{"@type":"SearchAction","target":{"@type":"EntryPoint","urlTemplate":"https://turodelsol.com/?s={search_term_string}"},"query-input":"required name=search_term_string"}],"inLanguage":"ca"},{"@type":"Organization","@id":"https://turodelsol.com/#organization","name":"Restaurante Turó del Sol","url":"https://turodelsol.com/","logo":{"@type":"ImageObject","inLanguage":"ca","@id":"https://turodelsol.com/#/schema/logo/image/","url":"https://turodelsol.com/wp-content/uploads/2018/12/logo-turo-del-sol-web-2019-1.png","contentUrl":"https://turodelsol.com/wp-content/uploads/2018/12/logo-turo-del-sol-web-2019-1.png","width":214,"height":100,"caption":"Restaurante Turó del Sol"},"image":{"@id":"https://turodelsol.com/#/schema/logo/image/"},"sameAs":["https://www.instagram.com/turodelsol/","https://es-es.facebook.com/turodelsol"]}]}</script>
<!-- / Yoast SEO plugin. -->

Celebra les teves noces en Turó del Sol | Noces Barcelona | Experiència

L'experiència de l'equip de Turó del sol, celebra les teves noces a Barcelona, en Turó del Sol podràs tenir les teves noces a l'aire lliure

Turó del Sol

Restaurante Turó del Sol
