{"id":18306,"date":"2019-01-27T20:10:51","date_gmt":"2019-01-27T20:10:51","guid":{"rendered":"http:\/\/turodelsol.com\/qui-som\/equipo\/"},"modified":"2021-05-22T07:43:41","modified_gmt":"2021-05-22T07:43:41","slug":"equip","status":"publish","type":"page","link":"https:\/\/turodelsol.com\/ca\/qui-som\/equip\/","title":{"rendered":"Equip"},"content":{"rendered":"<p>[vc_row css_animation=&#8221;&#8221; row_type=&#8221;row&#8221; use_row_as_full_screen_section=&#8221;no&#8221; type=&#8221;grid&#8221; angled_section=&#8221;no&#8221; text_align=&#8221;left&#8221; background_image_as_pattern=&#8221;without_pattern&#8221; padding_bottom=&#8221;90&#8243; z_index=&#8221;&#8221;][vc_column width=&#8221;1\/2&#8243;][vc_separator type=&#8221;transparent&#8221; up=&#8221;60&#8243; down=&#8221;0&#8243;][vc_single_image image=&#8221;17694&#8243; img_size=&#8221;full&#8221; qode_css_animation=&#8221;&#8221;][\/vc_column][vc_column width=&#8221;1\/2&#8243;][vc_separator type=&#8221;transparent&#8221; up=&#8221;80&#8243; down=&#8221;0&#8243;][vc_column_text]<\/p>\n<h2 style=\"text-align: left;\">El nostre equip<\/h2>\n<h3>Cuidem cada detall<\/h3>\n<p>[\/vc_column_text][vc_separator type=&#8221;transparent&#8221; up=&#8221;23&#8243; down=&#8221;0&#8243;][vc_column_text]El nostre equip far\u00e0 la supervisi\u00f3 directa des de l&#8217;inici, des del dia de la degustaci\u00f3 cuidant cada detall i oferint la millor qualitat de les mat\u00e8ries primeres de la nostra gastronomia combinat amb la professionalitat i amabilitat del nostre servei.<\/p>\n<p>&nbsp;<\/p>\n<p>\u00c9s un equip multidisciplinari compost per ma\u00eetres de sala, b\u00e0rmans que poden elaborar tot tipus de c\u00f2ctels, Wedding decorations que personalitzaran el vostra enlla\u00e7 amb les tend\u00e8ncies m\u00e9s actuals i com en tot casament que es pre\u00ef un Xef de cuina que cuida amb cura la presentaci\u00f3 dels seus plats.[\/vc_column_text][\/vc_column][\/vc_row][vc_row css_animation=&#8221;&#8221; row_type=&#8221;row&#8221; use_row_as_full_screen_section=&#8221;no&#8221; type=&#8221;full_width&#8221; angled_section=&#8221;no&#8221; text_align=&#8221;left&#8221; background_image_as_pattern=&#8221;without_pattern&#8221;][vc_column][vc_separator type=&#8221;transparent&#8221; up=&#8221;100&#8243;][\/vc_column][\/vc_row]<\/p>\n","protected":false},"excerpt":{"rendered":"<p>[vc_row css_animation=&#8221;&#8221; row_type=&#8221;row&#8221; use_row_as_full_screen_section=&#8221;no&#8221; type=&#8221;grid&#8221; angled_section=&#8221;no&#8221; text_align=&#8221;left&#8221; background_image_as_pattern=&#8221;without_pattern&#8221; padding_bottom=&#8221;90&#8243; z_index=&#8221;&#8221;][vc_column width=&#8221;1\/2&#8243;][vc_separator type=&#8221;transparent&#8221; up=&#8221;60&#8243; down=&#8221;0&#8243;][vc_single_image image=&#8221;17694&#8243; img_size=&#8221;full&#8221; qode_css_animation=&#8221;&#8221;][\/vc_column][vc_column width=&#8221;1\/2&#8243;][vc_separator type=&#8221;transparent&#8221; up=&#8221;80&#8243; down=&#8221;0&#8243;][vc_column_text] El nostre equip Cuidem cada detall [\/vc_column_text][vc_separator type=&#8221;transparent&#8221; up=&#8221;23&#8243; down=&#8221;0&#8243;][vc_column_text]El nostre equip far\u00e0 la supervisi\u00f3 directa des de l&#8217;inici, des del dia de la&#8230;<\/p>\n","protected":false},"author":1,"featured_media":0,"parent":18303,"menu_order":0,"comment_status":"open","ping_status":"closed","template":"full_width.php","meta":{"_monsterinsights_skip_tracking":false,"_monsterinsights_sitenote_active":false,"_monsterinsights_sitenote_note":"","_monsterinsights_sitenote_category":0},"yoast_head":"<!-- This site is optimized with the Yoast SEO plugin v19.10 - https:\/\/yoast.com\/wordpress\/plugins\/seo\/ -->\n<title>Celebra les teves noces en Tur\u00f3 del Sol | Noces Barcelona | Equip<\/title>\n<meta name=\"description\" content=\"L&#039;Equip de Tur\u00f3 del sol convida a celebrar les teves noces a Barcelona, en Restaurant Tur\u00f3 del Sol podr\u00e0s tenir unes noces a l&#039;aire lliure.\" \/>\n<meta name=\"robots\" content=\"index, follow, max-snippet:-1, max-image-preview:large, max-video-preview:-1\" \/>\n<link rel=\"canonical\" href=\"https:\/\/turodelsol.com\/ca\/qui-som\/equip\/\" \/>\n<meta property=\"og:locale\" content=\"ca_ES\" \/>\n<meta property=\"og:type\" content=\"article\" \/>\n<meta property=\"og:title\" content=\"Celebra les teves noces en Tur\u00f3 del Sol | Noces Barcelona | Equip\" \/>\n<meta property=\"og:description\" content=\"L&#039;Equip de Tur\u00f3 del sol convida a celebrar les teves noces a Barcelona, en Restaurant Tur\u00f3 del Sol podr\u00e0s tenir unes noces a l&#039;aire lliure.\" \/>\n<meta property=\"og:url\" content=\"https:\/\/turodelsol.com\/ca\/qui-som\/equip\/\" \/>\n<meta property=\"og:site_name\" content=\"Tur\u00f3 del Sol\" \/>\n<meta property=\"article:publisher\" content=\"https:\/\/es-es.facebook.com\/turodelsol\" \/>\n<meta property=\"article:modified_time\" content=\"2021-05-22T07:43:41+00:00\" \/>\n<meta name=\"twitter:card\" content=\"summary_large_image\" \/>\n<meta name=\"twitter:label1\" content=\"Temps estimat de lectura\" \/>\n\t<meta name=\"twitter:data1\" content=\"1 minut\" \/>\n<script type=\"application\/ld+json\" class=\"yoast-schema-graph\">{\"@context\":\"https:\/\/schema.org\",\"@graph\":[{\"@type\":\"WebPage\",\"@id\":\"https:\/\/turodelsol.com\/ca\/qui-som\/equip\/\",\"url\":\"https:\/\/turodelsol.com\/ca\/qui-som\/equip\/\",\"name\":\"Celebra les teves noces en Tur\u00f3 del Sol | Noces Barcelona | Equip\",\"isPartOf\":{\"@id\":\"https:\/\/turodelsol.com\/#website\"},\"datePublished\":\"2019-01-27T20:10:51+00:00\",\"dateModified\":\"2021-05-22T07:43:41+00:00\",\"description\":\"L'Equip de Tur\u00f3 del sol convida a celebrar les teves noces a Barcelona, en Restaurant Tur\u00f3 del Sol podr\u00e0s tenir unes noces a l'aire lliure.\",\"breadcrumb\":{\"@id\":\"https:\/\/turodelsol.com\/ca\/qui-som\/equip\/#breadcrumb\"},\"inLanguage\":\"ca\",\"potentialAction\":[{\"@type\":\"ReadAction\",\"target\":[\"https:\/\/turodelsol.com\/ca\/qui-som\/equip\/\"]}]},{\"@type\":\"BreadcrumbList\",\"@id\":\"https:\/\/turodelsol.com\/ca\/qui-som\/equip\/#breadcrumb\",\"itemListElement\":[{\"@type\":\"ListItem\",\"position\":1,\"name\":\"Portada\",\"item\":\"https:\/\/turodelsol.com\/ca\/\"},{\"@type\":\"ListItem\",\"position\":2,\"name\":\"Qui som\",\"item\":\"https:\/\/turodelsol.com\/ca\/qui-som\/\"},{\"@type\":\"ListItem\",\"position\":3,\"name\":\"Equip\"}]},{\"@type\":\"WebSite\",\"@id\":\"https:\/\/turodelsol.com\/#website\",\"url\":\"https:\/\/turodelsol.com\/\",\"name\":\"Tur\u00f3 del Sol\",\"description\":\"Restaurante para bodas Barcelona\",\"publisher\":{\"@id\":\"https:\/\/turodelsol.com\/#organization\"},\"potentialAction\":[{\"@type\":\"SearchAction\",\"target\":{\"@type\":\"EntryPoint\",\"urlTemplate\":\"https:\/\/turodelsol.com\/?s={search_term_string}\"},\"query-input\":\"required name=search_term_string\"}],\"inLanguage\":\"ca\"},{\"@type\":\"Organization\",\"@id\":\"https:\/\/turodelsol.com\/#organization\",\"name\":\"Restaurante Tur\u00f3 del Sol\",\"url\":\"https:\/\/turodelsol.com\/\",\"logo\":{\"@type\":\"ImageObject\",\"inLanguage\":\"ca\",\"@id\":\"https:\/\/turodelsol.com\/#\/schema\/logo\/image\/\",\"url\":\"https:\/\/turodelsol.com\/wp-content\/uploads\/2018\/12\/logo-turo-del-sol-web-2019-1.png\",\"contentUrl\":\"https:\/\/turodelsol.com\/wp-content\/uploads\/2018\/12\/logo-turo-del-sol-web-2019-1.png\",\"width\":214,\"height\":100,\"caption\":\"Restaurante Tur\u00f3 del Sol\"},\"image\":{\"@id\":\"https:\/\/turodelsol.com\/#\/schema\/logo\/image\/\"},\"sameAs\":[\"https:\/\/www.instagram.com\/turodelsol\/\",\"https:\/\/es-es.facebook.com\/turodelsol\"]}]}<\/script>\n<!-- \/ Yoast SEO plugin. -->","yoast_head_json":{"title":"Celebra les teves noces en Tur\u00f3 del Sol | Noces Barcelona | Equip","description":"L'Equip de Tur\u00f3 del sol convida a celebrar les teves noces a Barcelona, en Restaurant Tur\u00f3 del Sol podr\u00e0s tenir unes noces a l'aire lliure.","robots":{"index":"index","follow":"follow","max-snippet":"max-snippet:-1","max-image-preview":"max-image-preview:large","max-video-preview":"max-video-preview:-1"},"canonical":"https:\/\/turodelsol.com\/ca\/qui-som\/equip\/","og_locale":"ca_ES","og_type":"article","og_title":"Celebra les teves noces en Tur\u00f3 del Sol | Noces Barcelona | Equip","og_description":"L'Equip de Tur\u00f3 del sol convida a celebrar les teves noces a Barcelona, en Restaurant Tur\u00f3 del Sol podr\u00e0s tenir unes noces a l'aire lliure.","og_url":"https:\/\/turodelsol.com\/ca\/qui-som\/equip\/","og_site_name":"Tur\u00f3 del Sol","article_publisher":"https:\/\/es-es.facebook.com\/turodelsol","article_modified_time":"2021-05-22T07:43:41+00:00","twitter_card":"summary_large_image","twitter_misc":{"Temps estimat de lectura":"1 minut"},"schema":{"@context":"https:\/\/schema.org","@graph":[{"@type":"WebPage","@id":"https:\/\/turodelsol.com\/ca\/qui-som\/equip\/","url":"https:\/\/turodelsol.com\/ca\/qui-som\/equip\/","name":"Celebra les teves noces en Tur\u00f3 del Sol | Noces Barcelona | Equip","isPartOf":{"@id":"https:\/\/turodelsol.com\/#website"},"datePublished":"2019-01-27T20:10:51+00:00","dateModified":"2021-05-22T07:43:41+00:00","description":"L'Equip de Tur\u00f3 del sol convida a celebrar les teves noces a Barcelona, en Restaurant Tur\u00f3 del Sol podr\u00e0s tenir unes noces a l'aire lliure.","breadcrumb":{"@id":"https:\/\/turodelsol.com\/ca\/qui-som\/equip\/#breadcrumb"},"inLanguage":"ca","potentialAction":[{"@type":"ReadAction","target":["https:\/\/turodelsol.com\/ca\/qui-som\/equip\/"]}]},{"@type":"BreadcrumbList","@id":"https:\/\/turodelsol.com\/ca\/qui-som\/equip\/#breadcrumb","itemListElement":[{"@type":"ListItem","position":1,"name":"Portada","item":"https:\/\/turodelsol.com\/ca\/"},{"@type":"ListItem","position":2,"name":"Qui som","item":"https:\/\/turodelsol.com\/ca\/qui-som\/"},{"@type":"ListItem","position":3,"name":"Equip"}]},{"@type":"WebSite","@id":"https:\/\/turodelsol.com\/#website","url":"https:\/\/turodelsol.com\/","name":"Tur\u00f3 del Sol","description":"Restaurante para bodas Barcelona","publisher":{"@id":"https:\/\/turodelsol.com\/#organization"},"potentialAction":[{"@type":"SearchAction","target":{"@type":"EntryPoint","urlTemplate":"https:\/\/turodelsol.com\/?s={search_term_string}"},"query-input":"required name=search_term_string"}],"inLanguage":"ca"},{"@type":"Organization","@id":"https:\/\/turodelsol.com\/#organization","name":"Restaurante Tur\u00f3 del Sol","url":"https:\/\/turodelsol.com\/","logo":{"@type":"ImageObject","inLanguage":"ca","@id":"https:\/\/turodelsol.com\/#\/schema\/logo\/image\/","url":"https:\/\/turodelsol.com\/wp-content\/uploads\/2018\/12\/logo-turo-del-sol-web-2019-1.png","contentUrl":"https:\/\/turodelsol.com\/wp-content\/uploads\/2018\/12\/logo-turo-del-sol-web-2019-1.png","width":214,"height":100,"caption":"Restaurante Tur\u00f3 del Sol"},"image":{"@id":"https:\/\/turodelsol.com\/#\/schema\/logo\/image\/"},"sameAs":["https:\/\/www.instagram.com\/turodelsol\/","https:\/\/es-es.facebook.com\/turodelsol"]}]}},"_links":{"self":[{"href":"https:\/\/turodelsol.com\/ca\/wp-json\/wp\/v2\/pages\/18306"}],"collection":[{"href":"https:\/\/turodelsol.com\/ca\/wp-json\/wp\/v2\/pages"}],"about":[{"href":"https:\/\/turodelsol.com\/ca\/wp-json\/wp\/v2\/types\/page"}],"author":[{"embeddable":true,"href":"https:\/\/turodelsol.com\/ca\/wp-json\/wp\/v2\/users\/1"}],"replies":[{"embeddable":true,"href":"https:\/\/turodelsol.com\/ca\/wp-json\/wp\/v2\/comments?post=18306"}],"version-history":[{"count":4,"href":"https:\/\/turodelsol.com\/ca\/wp-json\/wp\/v2\/pages\/18306\/revisions"}],"predecessor-version":[{"id":18575,"href":"https:\/\/turodelsol.com\/ca\/wp-json\/wp\/v2\/pages\/18306\/revisions\/18575"}],"up":[{"embeddable":true,"href":"https:\/\/turodelsol.com\/ca\/wp-json\/wp\/v2\/pages\/18303"}],"wp:attachment":[{"href":"https:\/\/turodelsol.com\/ca\/wp-json\/wp\/v2\/media?parent=18306"}],"curies":[{"name":"wp","href":"https:\/\/api.w.org\/{rel}","templated":true}]}}

<p>[vc_row css_animation=&#8221;&#8221; row_type=&#8221;row&#8221; use_row_as_full_screen_section=&#8221;no&#8221; type=&#8221;grid&#8221; angled_section=&#8221;no&#8221; text_align=&#8221;left&#8221; background_image_as_pattern=&#8221;without_pattern&#8221; padding_bottom=&#8221;90&#8243; z_index=&#8221;&#8221;][vc_column width=&#8221;1/2&#8243;][vc_separator type=&#8221;transparent&#8221; up=&#8221;60&#8243; down=&#8221;0&#8243;][vc_single_image image=&#8221;17694&#8243; img_size=&#8221;full&#8221; qode_css_animation=&#8221;&#8221;][/vc_column][vc_column width=&#8221;1/2&#8243;][vc_separator type=&#8221;transparent&#8221; up=&#8221;80&#8243; down=&#8221;0&#8243;][vc_column_text]</p>
<h2 style="text-align: left;">El nostre equip</h2>
<h3>Cuidem cada detall</h3>
<p>[/vc_column_text][vc_separator type=&#8221;transparent&#8221; up=&#8221;23&#8243; down=&#8221;0&#8243;][vc_column_text]El nostre equip farà la supervisió directa des de l&#8217;inici, des del dia de la degustació cuidant cada detall i oferint la millor qualitat de les matèries primeres de la nostra gastronomia combinat amb la professionalitat i amabilitat del nostre servei.</p>
<p>&nbsp;</p>
<p>És un equip multidisciplinari compost per maîtres de sala, bàrmans que poden elaborar tot tipus de còctels, Wedding decorations que personalitzaran el vostra enllaç amb les tendències més actuals i com en tot casament que es preï un Xef de cuina que cuida amb cura la presentació dels seus plats.[/vc_column_text][/vc_column][/vc_row][vc_row css_animation=&#8221;&#8221; row_type=&#8221;row&#8221; use_row_as_full_screen_section=&#8221;no&#8221; type=&#8221;full_width&#8221; angled_section=&#8221;no&#8221; text_align=&#8221;left&#8221; background_image_as_pattern=&#8221;without_pattern&#8221;][vc_column][vc_separator type=&#8221;transparent&#8221; up=&#8221;100&#8243;][/vc_column][/vc_row]</p>

<p>[vc_row css_animation=&#8221;&#8221; row_type=&#8221;row&#8221; use_row_as_full_screen_section=&#8221;no&#8221; type=&#8221;grid&#8221; angled_section=&#8221;no&#8221; text_align=&#8221;left&#8221; background_image_as_pattern=&#8221;without_pattern&#8221; padding_bottom=&#8221;90&#8243; z_index=&#8221;&#8221;][vc_column width=&#8221;1/2&#8243;][vc_separator type=&#8221;transparent&#8221; up=&#8221;60&#8243; down=&#8221;0&#8243;][vc_single_image image=&#8221;17694&#8243; img_size=&#8221;full&#8221; qode_css_animation=&#8221;&#8221;][/vc_column][vc_column width=&#8221;1/2&#8243;][vc_separator type=&#8221;transparent&#8221; up=&#8221;80&#8243; down=&#8221;0&#8243;][vc_column_text] El nostre equip Cuidem cada detall [/vc_column_text][vc_separator type=&#8221;transparent&#8221; up=&#8221;23&#8243; down=&#8221;0&#8243;][vc_column_text]El nostre equip farà la supervisió directa des de l&#8217;inici, des del dia de la&#8230;</p>

<!-- This site is optimized with the Yoast SEO plugin v19.10 - https://yoast.com/wordpress/plugins/seo/ -->
<title>Celebra les teves noces en Turó del Sol | Noces Barcelona | Equip</title>
<meta name="description" content="L&#039;Equip de Turó del sol convida a celebrar les teves noces a Barcelona, en Restaurant Turó del Sol podràs tenir unes noces a l&#039;aire lliure." />
<meta name="robots" content="index, follow, max-snippet:-1, max-image-preview:large, max-video-preview:-1" />
<link rel="canonical" href="https://turodelsol.com/ca/qui-som/equip/" />
<meta property="og:locale" content="ca_ES" />
<meta property="og:type" content="article" />
<meta property="og:title" content="Celebra les teves noces en Turó del Sol | Noces Barcelona | Equip" />
<meta property="og:description" content="L&#039;Equip de Turó del sol convida a celebrar les teves noces a Barcelona, en Restaurant Turó del Sol podràs tenir unes noces a l&#039;aire lliure." />
<meta property="og:url" content="https://turodelsol.com/ca/qui-som/equip/" />
<meta property="og:site_name" content="Turó del Sol" />
<meta property="article:publisher" content="https://es-es.facebook.com/turodelsol" />
<meta property="article:modified_time" content="2021-05-22T07:43:41+00:00" />
<meta name="twitter:card" content="summary_large_image" />
<meta name="twitter:label1" content="Temps estimat de lectura" />
	<meta name="twitter:data1" content="1 minut" />
<script type="application/ld+json" class="yoast-schema-graph">{"@context":"https://schema.org","@graph":[{"@type":"WebPage","@id":"https://turodelsol.com/ca/qui-som/equip/","url":"https://turodelsol.com/ca/qui-som/equip/","name":"Celebra les teves noces en Turó del Sol | Noces Barcelona | Equip","isPartOf":{"@id":"https://turodelsol.com/#website"},"datePublished":"2019-01-27T20:10:51+00:00","dateModified":"2021-05-22T07:43:41+00:00","description":"L'Equip de Turó del sol convida a celebrar les teves noces a Barcelona, en Restaurant Turó del Sol podràs tenir unes noces a l'aire lliure.","breadcrumb":{"@id":"https://turodelsol.com/ca/qui-som/equip/#breadcrumb"},"inLanguage":"ca","potentialAction":[{"@type":"ReadAction","target":["https://turodelsol.com/ca/qui-som/equip/"]}]},{"@type":"BreadcrumbList","@id":"https://turodelsol.com/ca/qui-som/equip/#breadcrumb","itemListElement":[{"@type":"ListItem","position":1,"name":"Portada","item":"https://turodelsol.com/ca/"},{"@type":"ListItem","position":2,"name":"Qui som","item":"https://turodelsol.com/ca/qui-som/"},{"@type":"ListItem","position":3,"name":"Equip"}]},{"@type":"WebSite","@id":"https://turodelsol.com/#website","url":"https://turodelsol.com/","name":"Turó del Sol","description":"Restaurante para bodas Barcelona","publisher":{"@id":"https://turodelsol.com/#organization"},"potentialAction":[{"@type":"SearchAction","target":{"@type":"EntryPoint","urlTemplate":"https://turodelsol.com/?s={search_term_string}"},"query-input":"required name=search_term_string"}],"inLanguage":"ca"},{"@type":"Organization","@id":"https://turodelsol.com/#organization","name":"Restaurante Turó del Sol","url":"https://turodelsol.com/","logo":{"@type":"ImageObject","inLanguage":"ca","@id":"https://turodelsol.com/#/schema/logo/image/","url":"https://turodelsol.com/wp-content/uploads/2018/12/logo-turo-del-sol-web-2019-1.png","contentUrl":"https://turodelsol.com/wp-content/uploads/2018/12/logo-turo-del-sol-web-2019-1.png","width":214,"height":100,"caption":"Restaurante Turó del Sol"},"image":{"@id":"https://turodelsol.com/#/schema/logo/image/"},"sameAs":["https://www.instagram.com/turodelsol/","https://es-es.facebook.com/turodelsol"]}]}</script>
<!-- / Yoast SEO plugin. -->

Celebra les teves noces en Turó del Sol | Noces Barcelona | Equip

L'Equip de Turó del sol convida a celebrar les teves noces a Barcelona, en Restaurant Turó del Sol podràs tenir unes noces a l'aire lliure.

Turó del Sol

Restaurante Turó del Sol
