{"id":18303,"date":"2014-12-11T23:48:04","date_gmt":"2014-12-11T23:48:04","guid":{"rendered":"http:\/\/turodelsol.com\/quienes-somos\/"},"modified":"2021-05-22T07:41:09","modified_gmt":"2021-05-22T07:41:09","slug":"qui-som","status":"publish","type":"page","link":"https:\/\/turodelsol.com\/ca\/qui-som\/","title":{"rendered":"Qui som"},"content":{"rendered":"<p>[vc_row css_animation=&#8221;&#8221; row_type=&#8221;row&#8221; use_row_as_full_screen_section=&#8221;no&#8221; type=&#8221;grid&#8221; angled_section=&#8221;no&#8221; text_align=&#8221;left&#8221; background_image_as_pattern=&#8221;without_pattern&#8221; padding_bottom=&#8221;90&#8243; z_index=&#8221;&#8221;][vc_column width=&#8221;1\/2&#8243;][vc_separator type=&#8221;transparent&#8221; up=&#8221;90&#8243; down=&#8221;0&#8243;][vc_single_image image=&#8221;16263&#8243; img_size=&#8221;full&#8221; qode_css_animation=&#8221;&#8221;][\/vc_column][vc_column width=&#8221;1\/2&#8243;][vc_separator type=&#8221;transparent&#8221; up=&#8221;80&#8243; down=&#8221;0&#8243;][vc_column_text]<\/p>\n<h2 style=\"text-align: left;\">El Tur\u00f3 del Sol<\/h2>\n<h3 style=\"text-align: left;\">Uns Jardins de somni amb vistes al mar<\/h3>\n<p>[\/vc_column_text][vc_separator type=&#8221;transparent&#8221; up=&#8221;23&#8243; down=&#8221;0&#8243;][vc_column_text]Situat a tan sols 20 minuts de Barcelona al municipi de Sant Vicen\u00e7 de Montalt, en ple Maresme, terra de cultura gastron\u00f2mica i vin\u00edcola, entre boscos, platja i al costat del camp de golf est\u00e0 al Tur\u00f3 del Sol, gran finca de 30.000m2 dedicada en exclusivitat a celebracions \u00edntimes i familiars com casaments.<\/p>\n<p>&nbsp;<\/p>\n<p>Celebra el teu casament a Tur\u00f3 del Sol, un espai singular per al teu casament envoltat de natura en qu\u00e8 el sol mediterrani omple cada rac\u00f3, cada terrassa, i es fonen el bosc i el mar.<\/p>\n<p>&nbsp;<\/p>\n<p>Gaudeix amb els sabors tradicionals de la seva cuina, elaborada amb ingredients de la millor qualitat.<\/p>\n<p>&nbsp;<\/p>\n<p>Durant la nit, podreu passar moments inoblidables envoltats de tots els vostres \u00e9ssers estimats en les seves belles carpes. El vostre casament en aquest espai \u00fanic de Sant Vicen\u00e7 de Montalt ser\u00e0 perfecta.<\/p>\n<p>&nbsp;<\/p>\n<p>El Tur\u00f3 del Sol ofereix un equip de professionals i una cuina elaborada, la combinaci\u00f3 ideal perqu\u00e8 els vostres somnis es facin realitat, a m\u00e9s de fant\u00e0stiques promocions per a casaments.[\/vc_column_text][\/vc_column][\/vc_row][vc_row row_type=&#8221;parallax&#8221; parallax_content_width=&#8221;in_grid&#8221; text_align=&#8221;left&#8221; background_image=&#8221;17627&#8243; full_screen_section_height=&#8221;no&#8221; section_height=&#8221;643&#8243;][vc_column][vc_separator type=&#8221;transparent&#8221; up=&#8221;259&#8243; down=&#8221;0&#8243;][vc_row_inner row_type=&#8221;row&#8221; type=&#8221;grid&#8221; text_align=&#8221;left&#8221; css_animation=&#8221;&#8221;][vc_column_inner][vc_separator type=&#8221;transparent&#8221; up=&#8221;23&#8243; down=&#8221;0&#8243;][vc_column_text][\/vc_column_text][vc_separator type=&#8221;transparent&#8221; up=&#8221;259&#8243; down=&#8221;0&#8243;][\/vc_column_inner][\/vc_row_inner][\/vc_column][\/vc_row][vc_row css_animation=&#8221;&#8221; row_type=&#8221;row&#8221; use_row_as_full_screen_section=&#8221;no&#8221; type=&#8221;full_width&#8221; angled_section=&#8221;no&#8221; text_align=&#8221;left&#8221; background_image_as_pattern=&#8221;without_pattern&#8221;][vc_column][vc_separator type=&#8221;transparent&#8221; up=&#8221;100&#8243;][\/vc_column][\/vc_row]<\/p>\n","protected":false},"excerpt":{"rendered":"<p>[vc_row css_animation=&#8221;&#8221; row_type=&#8221;row&#8221; use_row_as_full_screen_section=&#8221;no&#8221; type=&#8221;grid&#8221; angled_section=&#8221;no&#8221; text_align=&#8221;left&#8221; background_image_as_pattern=&#8221;without_pattern&#8221; padding_bottom=&#8221;90&#8243; z_index=&#8221;&#8221;][vc_column width=&#8221;1\/2&#8243;][vc_separator type=&#8221;transparent&#8221; up=&#8221;90&#8243; down=&#8221;0&#8243;][vc_single_image image=&#8221;16263&#8243; img_size=&#8221;full&#8221; qode_css_animation=&#8221;&#8221;][\/vc_column][vc_column width=&#8221;1\/2&#8243;][vc_separator type=&#8221;transparent&#8221; up=&#8221;80&#8243; down=&#8221;0&#8243;][vc_column_text] El Tur\u00f3 del Sol Uns Jardins de somni amb vistes al mar [\/vc_column_text][vc_separator type=&#8221;transparent&#8221; up=&#8221;23&#8243; down=&#8221;0&#8243;][vc_column_text]Situat a tan sols 20 minuts de Barcelona al&#8230;<\/p>\n","protected":false},"author":1,"featured_media":0,"parent":0,"menu_order":0,"comment_status":"open","ping_status":"closed","template":"full_width.php","meta":{"_monsterinsights_skip_tracking":false,"_monsterinsights_sitenote_active":false,"_monsterinsights_sitenote_note":"","_monsterinsights_sitenote_category":0},"yoast_head":"<!-- This site is optimized with the Yoast SEO plugin v19.10 - https:\/\/yoast.com\/wordpress\/plugins\/seo\/ -->\n<title>Noces a Barcelona - Tur\u00f3 del Sol | Qui som Restaurant<\/title>\n<meta name=\"description\" content=\"Els qui som, Restaurant per a noces a Barcelona, amb amplis jardins i vistes a la mar, Celebra les teves noces en el Restaurant Tur\u00f3 del Sol\" \/>\n<meta name=\"robots\" content=\"index, follow, max-snippet:-1, max-image-preview:large, max-video-preview:-1\" \/>\n<link rel=\"canonical\" href=\"https:\/\/turodelsol.com\/ca\/qui-som\/\" \/>\n<meta property=\"og:locale\" content=\"ca_ES\" \/>\n<meta property=\"og:type\" content=\"article\" \/>\n<meta property=\"og:title\" content=\"Noces a Barcelona - Tur\u00f3 del Sol | Qui som Restaurant\" \/>\n<meta property=\"og:description\" content=\"Els qui som, Restaurant per a noces a Barcelona, amb amplis jardins i vistes a la mar, Celebra les teves noces en el Restaurant Tur\u00f3 del Sol\" \/>\n<meta property=\"og:url\" content=\"https:\/\/turodelsol.com\/ca\/qui-som\/\" \/>\n<meta property=\"og:site_name\" content=\"Tur\u00f3 del Sol\" \/>\n<meta property=\"article:publisher\" content=\"https:\/\/es-es.facebook.com\/turodelsol\" \/>\n<meta property=\"article:modified_time\" content=\"2021-05-22T07:41:09+00:00\" \/>\n<meta name=\"twitter:card\" content=\"summary_large_image\" \/>\n<meta name=\"twitter:label1\" content=\"Temps estimat de lectura\" \/>\n\t<meta name=\"twitter:data1\" content=\"2 minuts\" \/>\n<script type=\"application\/ld+json\" class=\"yoast-schema-graph\">{\"@context\":\"https:\/\/schema.org\",\"@graph\":[{\"@type\":\"WebPage\",\"@id\":\"https:\/\/turodelsol.com\/ca\/qui-som\/\",\"url\":\"https:\/\/turodelsol.com\/ca\/qui-som\/\",\"name\":\"Noces a Barcelona - Tur\u00f3 del Sol | Qui som Restaurant\",\"isPartOf\":{\"@id\":\"https:\/\/turodelsol.com\/#website\"},\"datePublished\":\"2014-12-11T23:48:04+00:00\",\"dateModified\":\"2021-05-22T07:41:09+00:00\",\"description\":\"Els qui som, Restaurant per a noces a Barcelona, amb amplis jardins i vistes a la mar, Celebra les teves noces en el Restaurant Tur\u00f3 del Sol\",\"breadcrumb\":{\"@id\":\"https:\/\/turodelsol.com\/ca\/qui-som\/#breadcrumb\"},\"inLanguage\":\"ca\",\"potentialAction\":[{\"@type\":\"ReadAction\",\"target\":[\"https:\/\/turodelsol.com\/ca\/qui-som\/\"]}]},{\"@type\":\"BreadcrumbList\",\"@id\":\"https:\/\/turodelsol.com\/ca\/qui-som\/#breadcrumb\",\"itemListElement\":[{\"@type\":\"ListItem\",\"position\":1,\"name\":\"Portada\",\"item\":\"https:\/\/turodelsol.com\/ca\/\"},{\"@type\":\"ListItem\",\"position\":2,\"name\":\"Qui som\"}]},{\"@type\":\"WebSite\",\"@id\":\"https:\/\/turodelsol.com\/#website\",\"url\":\"https:\/\/turodelsol.com\/\",\"name\":\"Tur\u00f3 del Sol\",\"description\":\"Restaurante para bodas Barcelona\",\"publisher\":{\"@id\":\"https:\/\/turodelsol.com\/#organization\"},\"potentialAction\":[{\"@type\":\"SearchAction\",\"target\":{\"@type\":\"EntryPoint\",\"urlTemplate\":\"https:\/\/turodelsol.com\/?s={search_term_string}\"},\"query-input\":\"required name=search_term_string\"}],\"inLanguage\":\"ca\"},{\"@type\":\"Organization\",\"@id\":\"https:\/\/turodelsol.com\/#organization\",\"name\":\"Restaurante Tur\u00f3 del Sol\",\"url\":\"https:\/\/turodelsol.com\/\",\"logo\":{\"@type\":\"ImageObject\",\"inLanguage\":\"ca\",\"@id\":\"https:\/\/turodelsol.com\/#\/schema\/logo\/image\/\",\"url\":\"https:\/\/turodelsol.com\/wp-content\/uploads\/2018\/12\/logo-turo-del-sol-web-2019-1.png\",\"contentUrl\":\"https:\/\/turodelsol.com\/wp-content\/uploads\/2018\/12\/logo-turo-del-sol-web-2019-1.png\",\"width\":214,\"height\":100,\"caption\":\"Restaurante Tur\u00f3 del Sol\"},\"image\":{\"@id\":\"https:\/\/turodelsol.com\/#\/schema\/logo\/image\/\"},\"sameAs\":[\"https:\/\/www.instagram.com\/turodelsol\/\",\"https:\/\/es-es.facebook.com\/turodelsol\"]}]}<\/script>\n<!-- \/ Yoast SEO plugin. -->","yoast_head_json":{"title":"Noces a Barcelona - Tur\u00f3 del Sol | Qui som Restaurant","description":"Els qui som, Restaurant per a noces a Barcelona, amb amplis jardins i vistes a la mar, Celebra les teves noces en el Restaurant Tur\u00f3 del Sol","robots":{"index":"index","follow":"follow","max-snippet":"max-snippet:-1","max-image-preview":"max-image-preview:large","max-video-preview":"max-video-preview:-1"},"canonical":"https:\/\/turodelsol.com\/ca\/qui-som\/","og_locale":"ca_ES","og_type":"article","og_title":"Noces a Barcelona - Tur\u00f3 del Sol | Qui som Restaurant","og_description":"Els qui som, Restaurant per a noces a Barcelona, amb amplis jardins i vistes a la mar, Celebra les teves noces en el Restaurant Tur\u00f3 del Sol","og_url":"https:\/\/turodelsol.com\/ca\/qui-som\/","og_site_name":"Tur\u00f3 del Sol","article_publisher":"https:\/\/es-es.facebook.com\/turodelsol","article_modified_time":"2021-05-22T07:41:09+00:00","twitter_card":"summary_large_image","twitter_misc":{"Temps estimat de lectura":"2 minuts"},"schema":{"@context":"https:\/\/schema.org","@graph":[{"@type":"WebPage","@id":"https:\/\/turodelsol.com\/ca\/qui-som\/","url":"https:\/\/turodelsol.com\/ca\/qui-som\/","name":"Noces a Barcelona - Tur\u00f3 del Sol | Qui som Restaurant","isPartOf":{"@id":"https:\/\/turodelsol.com\/#website"},"datePublished":"2014-12-11T23:48:04+00:00","dateModified":"2021-05-22T07:41:09+00:00","description":"Els qui som, Restaurant per a noces a Barcelona, amb amplis jardins i vistes a la mar, Celebra les teves noces en el Restaurant Tur\u00f3 del Sol","breadcrumb":{"@id":"https:\/\/turodelsol.com\/ca\/qui-som\/#breadcrumb"},"inLanguage":"ca","potentialAction":[{"@type":"ReadAction","target":["https:\/\/turodelsol.com\/ca\/qui-som\/"]}]},{"@type":"BreadcrumbList","@id":"https:\/\/turodelsol.com\/ca\/qui-som\/#breadcrumb","itemListElement":[{"@type":"ListItem","position":1,"name":"Portada","item":"https:\/\/turodelsol.com\/ca\/"},{"@type":"ListItem","position":2,"name":"Qui som"}]},{"@type":"WebSite","@id":"https:\/\/turodelsol.com\/#website","url":"https:\/\/turodelsol.com\/","name":"Tur\u00f3 del Sol","description":"Restaurante para bodas Barcelona","publisher":{"@id":"https:\/\/turodelsol.com\/#organization"},"potentialAction":[{"@type":"SearchAction","target":{"@type":"EntryPoint","urlTemplate":"https:\/\/turodelsol.com\/?s={search_term_string}"},"query-input":"required name=search_term_string"}],"inLanguage":"ca"},{"@type":"Organization","@id":"https:\/\/turodelsol.com\/#organization","name":"Restaurante Tur\u00f3 del Sol","url":"https:\/\/turodelsol.com\/","logo":{"@type":"ImageObject","inLanguage":"ca","@id":"https:\/\/turodelsol.com\/#\/schema\/logo\/image\/","url":"https:\/\/turodelsol.com\/wp-content\/uploads\/2018\/12\/logo-turo-del-sol-web-2019-1.png","contentUrl":"https:\/\/turodelsol.com\/wp-content\/uploads\/2018\/12\/logo-turo-del-sol-web-2019-1.png","width":214,"height":100,"caption":"Restaurante Tur\u00f3 del Sol"},"image":{"@id":"https:\/\/turodelsol.com\/#\/schema\/logo\/image\/"},"sameAs":["https:\/\/www.instagram.com\/turodelsol\/","https:\/\/es-es.facebook.com\/turodelsol"]}]}},"_links":{"self":[{"href":"https:\/\/turodelsol.com\/ca\/wp-json\/wp\/v2\/pages\/18303"}],"collection":[{"href":"https:\/\/turodelsol.com\/ca\/wp-json\/wp\/v2\/pages"}],"about":[{"href":"https:\/\/turodelsol.com\/ca\/wp-json\/wp\/v2\/types\/page"}],"author":[{"embeddable":true,"href":"https:\/\/turodelsol.com\/ca\/wp-json\/wp\/v2\/users\/1"}],"replies":[{"embeddable":true,"href":"https:\/\/turodelsol.com\/ca\/wp-json\/wp\/v2\/comments?post=18303"}],"version-history":[{"count":2,"href":"https:\/\/turodelsol.com\/ca\/wp-json\/wp\/v2\/pages\/18303\/revisions"}],"predecessor-version":[{"id":18573,"href":"https:\/\/turodelsol.com\/ca\/wp-json\/wp\/v2\/pages\/18303\/revisions\/18573"}],"wp:attachment":[{"href":"https:\/\/turodelsol.com\/ca\/wp-json\/wp\/v2\/media?parent=18303"}],"curies":[{"name":"wp","href":"https:\/\/api.w.org\/{rel}","templated":true}]}}

<p>[vc_row css_animation=&#8221;&#8221; row_type=&#8221;row&#8221; use_row_as_full_screen_section=&#8221;no&#8221; type=&#8221;grid&#8221; angled_section=&#8221;no&#8221; text_align=&#8221;left&#8221; background_image_as_pattern=&#8221;without_pattern&#8221; padding_bottom=&#8221;90&#8243; z_index=&#8221;&#8221;][vc_column width=&#8221;1/2&#8243;][vc_separator type=&#8221;transparent&#8221; up=&#8221;90&#8243; down=&#8221;0&#8243;][vc_single_image image=&#8221;16263&#8243; img_size=&#8221;full&#8221; qode_css_animation=&#8221;&#8221;][/vc_column][vc_column width=&#8221;1/2&#8243;][vc_separator type=&#8221;transparent&#8221; up=&#8221;80&#8243; down=&#8221;0&#8243;][vc_column_text]</p>
<h2 style="text-align: left;">El Turó del Sol</h2>
<h3 style="text-align: left;">Uns Jardins de somni amb vistes al mar</h3>
<p>[/vc_column_text][vc_separator type=&#8221;transparent&#8221; up=&#8221;23&#8243; down=&#8221;0&#8243;][vc_column_text]Situat a tan sols 20 minuts de Barcelona al municipi de Sant Vicenç de Montalt, en ple Maresme, terra de cultura gastronòmica i vinícola, entre boscos, platja i al costat del camp de golf està al Turó del Sol, gran finca de 30.000m2 dedicada en exclusivitat a celebracions íntimes i familiars com casaments.</p>
<p>&nbsp;</p>
<p>Celebra el teu casament a Turó del Sol, un espai singular per al teu casament envoltat de natura en què el sol mediterrani omple cada racó, cada terrassa, i es fonen el bosc i el mar.</p>
<p>&nbsp;</p>
<p>Gaudeix amb els sabors tradicionals de la seva cuina, elaborada amb ingredients de la millor qualitat.</p>
<p>&nbsp;</p>
<p>Durant la nit, podreu passar moments inoblidables envoltats de tots els vostres éssers estimats en les seves belles carpes. El vostre casament en aquest espai únic de Sant Vicenç de Montalt serà perfecta.</p>
<p>&nbsp;</p>
<p>El Turó del Sol ofereix un equip de professionals i una cuina elaborada, la combinació ideal perquè els vostres somnis es facin realitat, a més de fantàstiques promocions per a casaments.[/vc_column_text][/vc_column][/vc_row][vc_row row_type=&#8221;parallax&#8221; parallax_content_width=&#8221;in_grid&#8221; text_align=&#8221;left&#8221; background_image=&#8221;17627&#8243; full_screen_section_height=&#8221;no&#8221; section_height=&#8221;643&#8243;][vc_column][vc_separator type=&#8221;transparent&#8221; up=&#8221;259&#8243; down=&#8221;0&#8243;][vc_row_inner row_type=&#8221;row&#8221; type=&#8221;grid&#8221; text_align=&#8221;left&#8221; css_animation=&#8221;&#8221;][vc_column_inner][vc_separator type=&#8221;transparent&#8221; up=&#8221;23&#8243; down=&#8221;0&#8243;][vc_column_text][/vc_column_text][vc_separator type=&#8221;transparent&#8221; up=&#8221;259&#8243; down=&#8221;0&#8243;][/vc_column_inner][/vc_row_inner][/vc_column][/vc_row][vc_row css_animation=&#8221;&#8221; row_type=&#8221;row&#8221; use_row_as_full_screen_section=&#8221;no&#8221; type=&#8221;full_width&#8221; angled_section=&#8221;no&#8221; text_align=&#8221;left&#8221; background_image_as_pattern=&#8221;without_pattern&#8221;][vc_column][vc_separator type=&#8221;transparent&#8221; up=&#8221;100&#8243;][/vc_column][/vc_row]</p>

<p>[vc_row css_animation=&#8221;&#8221; row_type=&#8221;row&#8221; use_row_as_full_screen_section=&#8221;no&#8221; type=&#8221;grid&#8221; angled_section=&#8221;no&#8221; text_align=&#8221;left&#8221; background_image_as_pattern=&#8221;without_pattern&#8221; padding_bottom=&#8221;90&#8243; z_index=&#8221;&#8221;][vc_column width=&#8221;1/2&#8243;][vc_separator type=&#8221;transparent&#8221; up=&#8221;90&#8243; down=&#8221;0&#8243;][vc_single_image image=&#8221;16263&#8243; img_size=&#8221;full&#8221; qode_css_animation=&#8221;&#8221;][/vc_column][vc_column width=&#8221;1/2&#8243;][vc_separator type=&#8221;transparent&#8221; up=&#8221;80&#8243; down=&#8221;0&#8243;][vc_column_text] El Turó del Sol Uns Jardins de somni amb vistes al mar [/vc_column_text][vc_separator type=&#8221;transparent&#8221; up=&#8221;23&#8243; down=&#8221;0&#8243;][vc_column_text]Situat a tan sols 20 minuts de Barcelona al&#8230;</p>

<!-- This site is optimized with the Yoast SEO plugin v19.10 - https://yoast.com/wordpress/plugins/seo/ -->
<title>Noces a Barcelona - Turó del Sol | Qui som Restaurant</title>
<meta name="description" content="Els qui som, Restaurant per a noces a Barcelona, amb amplis jardins i vistes a la mar, Celebra les teves noces en el Restaurant Turó del Sol" />
<meta name="robots" content="index, follow, max-snippet:-1, max-image-preview:large, max-video-preview:-1" />
<link rel="canonical" href="https://turodelsol.com/ca/qui-som/" />
<meta property="og:locale" content="ca_ES" />
<meta property="og:type" content="article" />
<meta property="og:title" content="Noces a Barcelona - Turó del Sol | Qui som Restaurant" />
<meta property="og:description" content="Els qui som, Restaurant per a noces a Barcelona, amb amplis jardins i vistes a la mar, Celebra les teves noces en el Restaurant Turó del Sol" />
<meta property="og:url" content="https://turodelsol.com/ca/qui-som/" />
<meta property="og:site_name" content="Turó del Sol" />
<meta property="article:publisher" content="https://es-es.facebook.com/turodelsol" />
<meta property="article:modified_time" content="2021-05-22T07:41:09+00:00" />
<meta name="twitter:card" content="summary_large_image" />
<meta name="twitter:label1" content="Temps estimat de lectura" />
	<meta name="twitter:data1" content="2 minuts" />
<script type="application/ld+json" class="yoast-schema-graph">{"@context":"https://schema.org","@graph":[{"@type":"WebPage","@id":"https://turodelsol.com/ca/qui-som/","url":"https://turodelsol.com/ca/qui-som/","name":"Noces a Barcelona - Turó del Sol | Qui som Restaurant","isPartOf":{"@id":"https://turodelsol.com/#website"},"datePublished":"2014-12-11T23:48:04+00:00","dateModified":"2021-05-22T07:41:09+00:00","description":"Els qui som, Restaurant per a noces a Barcelona, amb amplis jardins i vistes a la mar, Celebra les teves noces en el Restaurant Turó del Sol","breadcrumb":{"@id":"https://turodelsol.com/ca/qui-som/#breadcrumb"},"inLanguage":"ca","potentialAction":[{"@type":"ReadAction","target":["https://turodelsol.com/ca/qui-som/"]}]},{"@type":"BreadcrumbList","@id":"https://turodelsol.com/ca/qui-som/#breadcrumb","itemListElement":[{"@type":"ListItem","position":1,"name":"Portada","item":"https://turodelsol.com/ca/"},{"@type":"ListItem","position":2,"name":"Qui som"}]},{"@type":"WebSite","@id":"https://turodelsol.com/#website","url":"https://turodelsol.com/","name":"Turó del Sol","description":"Restaurante para bodas Barcelona","publisher":{"@id":"https://turodelsol.com/#organization"},"potentialAction":[{"@type":"SearchAction","target":{"@type":"EntryPoint","urlTemplate":"https://turodelsol.com/?s={search_term_string}"},"query-input":"required name=search_term_string"}],"inLanguage":"ca"},{"@type":"Organization","@id":"https://turodelsol.com/#organization","name":"Restaurante Turó del Sol","url":"https://turodelsol.com/","logo":{"@type":"ImageObject","inLanguage":"ca","@id":"https://turodelsol.com/#/schema/logo/image/","url":"https://turodelsol.com/wp-content/uploads/2018/12/logo-turo-del-sol-web-2019-1.png","contentUrl":"https://turodelsol.com/wp-content/uploads/2018/12/logo-turo-del-sol-web-2019-1.png","width":214,"height":100,"caption":"Restaurante Turó del Sol"},"image":{"@id":"https://turodelsol.com/#/schema/logo/image/"},"sameAs":["https://www.instagram.com/turodelsol/","https://es-es.facebook.com/turodelsol"]}]}</script>
<!-- / Yoast SEO plugin. -->

Noces a Barcelona - Turó del Sol | Qui som Restaurant

Els qui som, Restaurant per a noces a Barcelona, amb amplis jardins i vistes a la mar, Celebra les teves noces en el Restaurant Turó del Sol

Turó del Sol

Restaurante Turó del Sol
